{"id":9513,"date":"2022-06-09T16:28:28","date_gmt":"2022-06-09T19:28:28","guid":{"rendered":"https:\/\/lolly.com.br\/nenny\/produto\/copo-clean-com-canudo-350ml\/"},"modified":"2023-08-15T17:48:07","modified_gmt":"2023-08-15T20:48:07","slug":"copo-clean-com-canudo-350ml","status":"publish","type":"product","link":"https:\/\/lolly.com.br\/nenny\/produto\/copo-clean-com-canudo-350ml\/","title":{"rendered":"Copo Clean com Canudo 300ml"},"content":{"rendered":"<p>O Copo Clean com Canudo Lolly \u00e9 ideal para a transi\u00e7\u00e3o da mamadeira para o copo. O canudo \u00e9 retr\u00e1til e possui ponta de silicone macia. A tampa deslizante ajuda a manter o canudo protegido e evita vazamento quando o copo n\u00e3o estiver em uso.<\/p>\n","protected":false},"excerpt":{"rendered":"<p>O Copo Clean com Canudo Lolly \u00e9 ideal para a transi\u00e7\u00e3o da mamadeira para o copo. O canudo \u00e9 retr\u00e1til e possui ponta de silicone macia. A tampa deslizante ajuda a manter o canudo protegido e evita vazamento quando o copo n\u00e3o estiver em uso.<\/p>\n","protected":false},"featured_media":10216,"comment_status":"open","ping_status":"closed","template":"","meta":[],"product_cat":[83],"product_tag":[],"class_list":{"0":"post-9513","1":"product","2":"type-product","3":"status-publish","4":"has-post-thumbnail","6":"product_cat-mamar-comer-e-beber","7":"pa_idade-18-meses","8":"description-off","10":"first","11":"instock","12":"shipping-taxable","13":"product-type-simple"},"_links":{"self":[{"href":"https:\/\/lolly.com.br\/nenny\/wp-json\/wp\/v2\/product\/9513","targetHints":{"allow":["GET"]}}],"collection":[{"href":"https:\/\/lolly.com.br\/nenny\/wp-json\/wp\/v2\/product"}],"about":[{"href":"https:\/\/lolly.com.br\/nenny\/wp-json\/wp\/v2\/types\/product"}],"replies":[{"embeddable":true,"href":"https:\/\/lolly.com.br\/nenny\/wp-json\/wp\/v2\/comments?post=9513"}],"wp:featuredmedia":[{"embeddable":true,"href":"https:\/\/lolly.com.br\/nenny\/wp-json\/wp\/v2\/media\/10216"}],"wp:attachment":[{"href":"https:\/\/lolly.com.br\/nenny\/wp-json\/wp\/v2\/media?parent=9513"}],"wp:term":[{"taxonomy":"product_cat","embeddable":true,"href":"https:\/\/lolly.com.br\/nenny\/wp-json\/wp\/v2\/product_cat?post=9513"},{"taxonomy":"product_tag","embeddable":true,"href":"https:\/\/lolly.com.br\/nenny\/wp-json\/wp\/v2\/product_tag?post=9513"}],"curies":[{"name":"wp","href":"https:\/\/api.w.org\/{rel}","templated":true}]}}