{"id":10463,"date":"2025-04-22T08:24:25","date_gmt":"2025-04-22T11:24:25","guid":{"rendered":"https:\/\/lolly.com.br\/nenny\/?post_type=product&#038;p=10463"},"modified":"2025-04-22T08:24:25","modified_gmt":"2025-04-22T11:24:25","slug":"mordedor-silicone-moranguinho","status":"publish","type":"product","link":"https:\/\/lolly.com.br\/nenny\/produto\/mordedor-silicone-moranguinho\/","title":{"rendered":"Mordedor Silicone Moranguinho"},"content":{"rendered":"<h3 class=\"\" data-start=\"137\" data-end=\"184\">Mordedor Silicone Moranguinho Lolly Nenny<\/h3>\n<p class=\"\" data-start=\"185\" data-end=\"241\"><strong data-start=\"185\" data-end=\"239\">Fofo, divertido e ideal para o al\u00edvio da denti\u00e7\u00e3o!<\/strong><\/p>\n<p class=\"\" data-start=\"243\" data-end=\"517\">O Mordedor Silicone Moranguinho da Lolly Nenny \u00e9 perfeito para estimular os sentidos do beb\u00ea enquanto alivia o desconforto causado pelo nascimento dos primeiros dentinhos. Com formato l\u00fadico e cores vibrantes, promove o desenvolvimento sensorial de forma divertida e segura.<\/p>\n<p class=\"\" data-start=\"519\" data-end=\"711\">Seu material \u00e9 super macio e possui texturas massageadoras que auxiliam no al\u00edvio das gengivas sens\u00edveis. Al\u00e9m disso, \u00e9 leve, f\u00e1cil de segurar e feito com silicone livre de BPA e 100% at\u00f3xico.<\/p>\n<p class=\"\" data-start=\"713\" data-end=\"741\"><strong data-start=\"713\" data-end=\"739\">Principais benef\u00edcios:<\/strong><\/p>\n<ul data-start=\"742\" data-end=\"974\">\n<li class=\"\" data-start=\"742\" data-end=\"785\">\n<p class=\"\" data-start=\"744\" data-end=\"785\">Indicado para beb\u00eas a partir de 4 meses<\/p>\n<\/li>\n<li class=\"\" data-start=\"786\" data-end=\"833\">\n<p class=\"\" data-start=\"788\" data-end=\"833\">Estimula os sentidos com seu formato l\u00fadico<\/p>\n<\/li>\n<li class=\"\" data-start=\"834\" data-end=\"871\">\n<p class=\"\" data-start=\"836\" data-end=\"871\">Texturas que massageiam a gengiva<\/p>\n<\/li>\n<li class=\"\" data-start=\"872\" data-end=\"910\">\n<p class=\"\" data-start=\"874\" data-end=\"910\">Silicone super macio e confort\u00e1vel<\/p>\n<\/li>\n<li class=\"\" data-start=\"911\" data-end=\"931\">\n<p class=\"\" data-start=\"913\" data-end=\"931\">F\u00e1cil de segurar<\/p>\n<\/li>\n<li class=\"\" data-start=\"932\" data-end=\"974\">\n<p class=\"\" data-start=\"934\" data-end=\"974\">Livre de BPA e 100% seguro para o beb\u00ea<\/p>\n<\/li>\n<\/ul>\n","protected":false},"excerpt":{"rendered":"<p>Mordedor Silicone Moranguinho Lolly Nenny Fofo, divertido e ideal para o al\u00edvio da denti\u00e7\u00e3o! O Mordedor Silicone Moranguinho da Lolly Nenny \u00e9 perfeito para estimular os sentidos do beb\u00ea enquanto alivia o desconforto causado pelo nascimento dos primeiros dentinhos. Com formato l\u00fadico e cores vibrantes, promove o desenvolvimento sensorial de forma divertida e segura. Seu&hellip;<\/p>\n","protected":false},"featured_media":10465,"comment_status":"open","ping_status":"closed","template":"","meta":[],"product_cat":[84],"product_tag":[],"class_list":{"0":"post-10463","1":"product","2":"type-product","3":"status-publish","4":"has-post-thumbnail","6":"product_cat-brinquedos-e-acessorios","7":"description-off","9":"first","10":"instock","11":"shipping-taxable","12":"product-type-simple"},"_links":{"self":[{"href":"https:\/\/lolly.com.br\/nenny\/wp-json\/wp\/v2\/product\/10463","targetHints":{"allow":["GET"]}}],"collection":[{"href":"https:\/\/lolly.com.br\/nenny\/wp-json\/wp\/v2\/product"}],"about":[{"href":"https:\/\/lolly.com.br\/nenny\/wp-json\/wp\/v2\/types\/product"}],"replies":[{"embeddable":true,"href":"https:\/\/lolly.com.br\/nenny\/wp-json\/wp\/v2\/comments?post=10463"}],"wp:featuredmedia":[{"embeddable":true,"href":"https:\/\/lolly.com.br\/nenny\/wp-json\/wp\/v2\/media\/10465"}],"wp:attachment":[{"href":"https:\/\/lolly.com.br\/nenny\/wp-json\/wp\/v2\/media?parent=10463"}],"wp:term":[{"taxonomy":"product_cat","embeddable":true,"href":"https:\/\/lolly.com.br\/nenny\/wp-json\/wp\/v2\/product_cat?post=10463"},{"taxonomy":"product_tag","embeddable":true,"href":"https:\/\/lolly.com.br\/nenny\/wp-json\/wp\/v2\/product_tag?post=10463"}],"curies":[{"name":"wp","href":"https:\/\/api.w.org\/{rel}","templated":true}]}}