{"id":10333,"date":"2024-03-28T17:11:49","date_gmt":"2024-03-28T20:11:49","guid":{"rendered":"https:\/\/lolly.com.br\/nenny\/?post_type=product&#038;p=10333"},"modified":"2024-03-28T17:11:50","modified_gmt":"2024-03-28T20:11:50","slug":"escova-de-limpeza-com-esponja","status":"publish","type":"product","link":"https:\/\/lolly.com.br\/nenny\/produto\/escova-de-limpeza-com-esponja\/","title":{"rendered":"Escova de Limpeza com Esponja"},"content":{"rendered":"<p>A Escova de Limpeza com Esponja Lolly Nenny facilita a higieniza\u00e7\u00e3o da mamadeira. O cabo remov\u00edvel permite adaptar o comprimento da escova ao uso e a troca pela escova de reposi\u00e7\u00e3o. 3 pe\u00e7as: esponja + esponja extra + cabo.<\/p>\n","protected":false},"excerpt":{"rendered":"<p>A Escova de Limpeza com Esponja Lolly Nenny facilita a higieniza\u00e7\u00e3o da mamadeira. O cabo remov\u00edvel permite adaptar o comprimento da escova ao uso e a troca pela escova de reposi\u00e7\u00e3o. 3 pe\u00e7as: esponja + esponja extra + cabo.<\/p>\n","protected":false},"featured_media":10336,"comment_status":"open","ping_status":"closed","template":"","meta":[],"product_cat":[106],"product_tag":[],"class_list":{"0":"post-10333","1":"product","2":"type-product","3":"status-publish","4":"has-post-thumbnail","6":"product_cat-higiene-e-saude","7":"description-off","9":"first","10":"instock","11":"shipping-taxable","12":"product-type-simple"},"_links":{"self":[{"href":"https:\/\/lolly.com.br\/nenny\/wp-json\/wp\/v2\/product\/10333","targetHints":{"allow":["GET"]}}],"collection":[{"href":"https:\/\/lolly.com.br\/nenny\/wp-json\/wp\/v2\/product"}],"about":[{"href":"https:\/\/lolly.com.br\/nenny\/wp-json\/wp\/v2\/types\/product"}],"replies":[{"embeddable":true,"href":"https:\/\/lolly.com.br\/nenny\/wp-json\/wp\/v2\/comments?post=10333"}],"wp:featuredmedia":[{"embeddable":true,"href":"https:\/\/lolly.com.br\/nenny\/wp-json\/wp\/v2\/media\/10336"}],"wp:attachment":[{"href":"https:\/\/lolly.com.br\/nenny\/wp-json\/wp\/v2\/media?parent=10333"}],"wp:term":[{"taxonomy":"product_cat","embeddable":true,"href":"https:\/\/lolly.com.br\/nenny\/wp-json\/wp\/v2\/product_cat?post=10333"},{"taxonomy":"product_tag","embeddable":true,"href":"https:\/\/lolly.com.br\/nenny\/wp-json\/wp\/v2\/product_tag?post=10333"}],"curies":[{"name":"wp","href":"https:\/\/api.w.org\/{rel}","templated":true}]}}