{"id":10120,"date":"2023-07-12T11:20:42","date_gmt":"2023-07-12T14:20:42","guid":{"rendered":"https:\/\/lolly.com.br\/nenny\/?post_type=product&#038;p=10120"},"modified":"2023-07-12T11:20:42","modified_gmt":"2023-07-12T14:20:42","slug":"cabide-tip","status":"publish","type":"product","link":"https:\/\/lolly.com.br\/nenny\/produto\/cabide-tip\/","title":{"rendered":"Cabide Tip"},"content":{"rendered":"<p>Cabide infantil com design exclusivo com al\u00e7a das roupinhas.<\/p>\n<p>Flex\u00edvel, leve e resistente, organiza e otimiza o espa\u00e7o no guarda-roupa.<\/p>\n","protected":false},"excerpt":{"rendered":"<p>Cabide infantil com design exclusivo com al\u00e7a das roupinhas. Flex\u00edvel, leve e resistente, organiza e otimiza o espa\u00e7o no guarda-roupa.<\/p>\n","protected":false},"featured_media":10126,"comment_status":"open","ping_status":"closed","template":"","meta":[],"product_cat":[106],"product_tag":[],"class_list":{"0":"post-10120","1":"product","2":"type-product","3":"status-publish","4":"has-post-thumbnail","6":"product_cat-higiene-e-saude","7":"description-off","9":"first","10":"instock","11":"shipping-taxable","12":"product-type-simple"},"_links":{"self":[{"href":"https:\/\/lolly.com.br\/nenny\/wp-json\/wp\/v2\/product\/10120","targetHints":{"allow":["GET"]}}],"collection":[{"href":"https:\/\/lolly.com.br\/nenny\/wp-json\/wp\/v2\/product"}],"about":[{"href":"https:\/\/lolly.com.br\/nenny\/wp-json\/wp\/v2\/types\/product"}],"replies":[{"embeddable":true,"href":"https:\/\/lolly.com.br\/nenny\/wp-json\/wp\/v2\/comments?post=10120"}],"wp:featuredmedia":[{"embeddable":true,"href":"https:\/\/lolly.com.br\/nenny\/wp-json\/wp\/v2\/media\/10126"}],"wp:attachment":[{"href":"https:\/\/lolly.com.br\/nenny\/wp-json\/wp\/v2\/media?parent=10120"}],"wp:term":[{"taxonomy":"product_cat","embeddable":true,"href":"https:\/\/lolly.com.br\/nenny\/wp-json\/wp\/v2\/product_cat?post=10120"},{"taxonomy":"product_tag","embeddable":true,"href":"https:\/\/lolly.com.br\/nenny\/wp-json\/wp\/v2\/product_tag?post=10120"}],"curies":[{"name":"wp","href":"https:\/\/api.w.org\/{rel}","templated":true}]}}