{"id":9554,"date":"2022-12-21T15:56:42","date_gmt":"2022-12-21T18:56:42","guid":{"rendered":"https:\/\/lolly.com.br\/kinddy\/?post_type=product&#038;p=9554"},"modified":"2023-06-07T16:04:20","modified_gmt":"2023-06-07T19:04:20","slug":"kit-colher-de-treinamento-dippy","status":"publish","type":"product","link":"https:\/\/lolly.com.br\/kinddy\/produto\/kit-colher-de-treinamento-dippy\/","title":{"rendered":"Kit Colher de Treinamento Dippy"},"content":{"rendered":"<p>Colher fase 1: para papinhas menos consistentes &#8211; agarra e segura a quantidade ideal de alimento.<\/p>\n<p>Colher fase 2: Para papinhas de consist\u00eancia pastosa mais firme, captura e prende o alimento.<\/p>\n<p>Prendedor para guardanapo: transforma o paninho ou guardanapo de papel em um babador. Idade: 6+ meses.<\/p>\n<p>Auxilia na introdu\u00e7\u00e3o alimentar, estimula a autoalimenta\u00e7\u00e3o e a coordena\u00e7\u00e3o motora do beb\u00ea.<\/p>\n<p>Massageia a gengiva. Feito de material resistente e at\u00f3xico. T\u00e9cnica Dipping: Mergulhar para comer.<\/p>\n","protected":false},"excerpt":{"rendered":"<p>Kit Colher de Treinamento Dippy: colheres em duas fases, babador com prendedor e t\u00e9cnica Dipping. Ideal para introdu\u00e7\u00e3o alimentar. Estimula autoalimenta\u00e7\u00e3o e coordena\u00e7\u00e3o motora. Seguro e resistente. Idade: 6+ meses.<\/p>\n","protected":false},"featured_media":9555,"comment_status":"open","ping_status":"closed","template":"","meta":[],"product_cat":[232],"product_tag":[437,434,438,440,441,435,436,439],"class_list":{"0":"post-9554","1":"product","2":"type-product","3":"status-publish","4":"has-post-thumbnail","6":"product_cat-alimentacao","7":"product_tag-autoalimentacao-infantil","8":"product_tag-colher-de-treinamento","9":"product_tag-colher-de-treinamento-dippy","10":"product_tag-dipping","11":"product_tag-dippy","12":"product_tag-introducao-alimentar","13":"product_tag-talher-para-bebes","14":"product_tag-tecnica-dipping","15":"description-off","17":"first","18":"instock","19":"shipping-taxable","20":"product-type-simple"},"yoast_head":"<!-- This site is optimized with the Yoast SEO plugin v23.7 - https:\/\/yoast.com\/wordpress\/plugins\/seo\/ -->\n<title>Kit Colher de Treinamento Dippy - Lolly Kinddy<\/title>\n<meta name=\"description\" content=\"Kit Colher de Treinamento Dippy: ideal para a introdu\u00e7\u00e3o alimentar do beb\u00ea. Colheres em duas fases para diferentes consist\u00eancias. Prendedor para guardanapo transforma em babador. Idade: 6+ meses. Estimula autoalimenta\u00e7\u00e3o e coordena\u00e7\u00e3o motora. Material resistente e at\u00f3xico. T\u00e9cnica Dipping: Mergulhar para comer.\" \/>\n<meta name=\"robots\" content=\"index, follow, max-snippet:-1, max-image-preview:large, max-video-preview:-1\" \/>\n<link rel=\"canonical\" href=\"https:\/\/lolly.com.br\/kinddy\/produto\/kit-colher-de-treinamento-dippy\/\" \/>\n<meta property=\"og:locale\" content=\"pt_BR\" \/>\n<meta property=\"og:type\" content=\"article\" \/>\n<meta property=\"og:title\" content=\"Kit Colher de Treinamento Dippy - Lolly Kinddy\" \/>\n<meta property=\"og:description\" content=\"Kit Colher de Treinamento Dippy: ideal para a introdu\u00e7\u00e3o alimentar do beb\u00ea. Colheres em duas fases para diferentes consist\u00eancias. Prendedor para guardanapo transforma em babador. Idade: 6+ meses. Estimula autoalimenta\u00e7\u00e3o e coordena\u00e7\u00e3o motora. Material resistente e at\u00f3xico. T\u00e9cnica Dipping: Mergulhar para comer.\" \/>\n<meta property=\"og:url\" content=\"https:\/\/lolly.com.br\/kinddy\/produto\/kit-colher-de-treinamento-dippy\/\" \/>\n<meta property=\"og:site_name\" content=\"Lolly Kinddy\" \/>\n<meta property=\"article:modified_time\" content=\"2023-06-07T19:04:20+00:00\" \/>\n<meta property=\"og:image\" content=\"https:\/\/lolly.com.br\/kinddy\/wp-content\/uploads\/2022\/12\/7116-F-KIT-COLHER-TREINAMENTO-DIPPY-F-1200px.jpg\" \/>\n\t<meta property=\"og:image:width\" content=\"1200\" \/>\n\t<meta property=\"og:image:height\" content=\"1200\" \/>\n\t<meta property=\"og:image:type\" content=\"image\/jpeg\" \/>\n<meta name=\"twitter:card\" content=\"summary_large_image\" \/>\n<meta name=\"twitter:label1\" content=\"Est. tempo de leitura\" \/>\n\t<meta name=\"twitter:data1\" content=\"1 minuto\" \/>\n<script type=\"application\/ld+json\" class=\"yoast-schema-graph\">{\"@context\":\"https:\/\/schema.org\",\"@graph\":[{\"@type\":\"WebPage\",\"@id\":\"https:\/\/lolly.com.br\/kinddy\/produto\/kit-colher-de-treinamento-dippy\/\",\"url\":\"https:\/\/lolly.com.br\/kinddy\/produto\/kit-colher-de-treinamento-dippy\/\",\"name\":\"Kit Colher de Treinamento Dippy - Lolly Kinddy\",\"isPartOf\":{\"@id\":\"https:\/\/lolly.com.br\/kinddy\/#website\"},\"primaryImageOfPage\":{\"@id\":\"https:\/\/lolly.com.br\/kinddy\/produto\/kit-colher-de-treinamento-dippy\/#primaryimage\"},\"image\":{\"@id\":\"https:\/\/lolly.com.br\/kinddy\/produto\/kit-colher-de-treinamento-dippy\/#primaryimage\"},\"thumbnailUrl\":\"https:\/\/lolly.com.br\/kinddy\/wp-content\/uploads\/2022\/12\/7116-F-KIT-COLHER-TREINAMENTO-DIPPY-F-1200px.jpg\",\"datePublished\":\"2022-12-21T18:56:42+00:00\",\"dateModified\":\"2023-06-07T19:04:20+00:00\",\"description\":\"Kit Colher de Treinamento Dippy: ideal para a introdu\u00e7\u00e3o alimentar do beb\u00ea. Colheres em duas fases para diferentes consist\u00eancias. Prendedor para guardanapo transforma em babador. Idade: 6+ meses. Estimula autoalimenta\u00e7\u00e3o e coordena\u00e7\u00e3o motora. Material resistente e at\u00f3xico. T\u00e9cnica Dipping: Mergulhar para comer.\",\"breadcrumb\":{\"@id\":\"https:\/\/lolly.com.br\/kinddy\/produto\/kit-colher-de-treinamento-dippy\/#breadcrumb\"},\"inLanguage\":\"pt-BR\",\"potentialAction\":[{\"@type\":\"ReadAction\",\"target\":[\"https:\/\/lolly.com.br\/kinddy\/produto\/kit-colher-de-treinamento-dippy\/\"]}]},{\"@type\":\"ImageObject\",\"inLanguage\":\"pt-BR\",\"@id\":\"https:\/\/lolly.com.br\/kinddy\/produto\/kit-colher-de-treinamento-dippy\/#primaryimage\",\"url\":\"https:\/\/lolly.com.br\/kinddy\/wp-content\/uploads\/2022\/12\/7116-F-KIT-COLHER-TREINAMENTO-DIPPY-F-1200px.jpg\",\"contentUrl\":\"https:\/\/lolly.com.br\/kinddy\/wp-content\/uploads\/2022\/12\/7116-F-KIT-COLHER-TREINAMENTO-DIPPY-F-1200px.jpg\",\"width\":1200,\"height\":1200},{\"@type\":\"BreadcrumbList\",\"@id\":\"https:\/\/lolly.com.br\/kinddy\/produto\/kit-colher-de-treinamento-dippy\/#breadcrumb\",\"itemListElement\":[{\"@type\":\"ListItem\",\"position\":1,\"name\":\"In\u00edcio\",\"item\":\"https:\/\/lolly.com.br\/kinddy\/\"},{\"@type\":\"ListItem\",\"position\":2,\"name\":\"Produtos\",\"item\":\"https:\/\/lolly.com.br\/kinddy\/produtos\/\"},{\"@type\":\"ListItem\",\"position\":3,\"name\":\"Kit Colher de Treinamento Dippy\"}]},{\"@type\":\"WebSite\",\"@id\":\"https:\/\/lolly.com.br\/kinddy\/#website\",\"url\":\"https:\/\/lolly.com.br\/kinddy\/\",\"name\":\"Lolly Kinddy\",\"description\":\"\",\"potentialAction\":[{\"@type\":\"SearchAction\",\"target\":{\"@type\":\"EntryPoint\",\"urlTemplate\":\"https:\/\/lolly.com.br\/kinddy\/?s={search_term_string}\"},\"query-input\":{\"@type\":\"PropertyValueSpecification\",\"valueRequired\":true,\"valueName\":\"search_term_string\"}}],\"inLanguage\":\"pt-BR\"}]}<\/script>\n<!-- \/ Yoast SEO plugin. -->","yoast_head_json":{"title":"Kit Colher de Treinamento Dippy - Lolly Kinddy","description":"Kit Colher de Treinamento Dippy: ideal para a introdu\u00e7\u00e3o alimentar do beb\u00ea. Colheres em duas fases para diferentes consist\u00eancias. Prendedor para guardanapo transforma em babador. Idade: 6+ meses. Estimula autoalimenta\u00e7\u00e3o e coordena\u00e7\u00e3o motora. Material resistente e at\u00f3xico. T\u00e9cnica Dipping: Mergulhar para comer.","robots":{"index":"index","follow":"follow","max-snippet":"max-snippet:-1","max-image-preview":"max-image-preview:large","max-video-preview":"max-video-preview:-1"},"canonical":"https:\/\/lolly.com.br\/kinddy\/produto\/kit-colher-de-treinamento-dippy\/","og_locale":"pt_BR","og_type":"article","og_title":"Kit Colher de Treinamento Dippy - Lolly Kinddy","og_description":"Kit Colher de Treinamento Dippy: ideal para a introdu\u00e7\u00e3o alimentar do beb\u00ea. Colheres em duas fases para diferentes consist\u00eancias. Prendedor para guardanapo transforma em babador. Idade: 6+ meses. Estimula autoalimenta\u00e7\u00e3o e coordena\u00e7\u00e3o motora. Material resistente e at\u00f3xico. T\u00e9cnica Dipping: Mergulhar para comer.","og_url":"https:\/\/lolly.com.br\/kinddy\/produto\/kit-colher-de-treinamento-dippy\/","og_site_name":"Lolly Kinddy","article_modified_time":"2023-06-07T19:04:20+00:00","og_image":[{"width":1200,"height":1200,"url":"https:\/\/lolly.com.br\/kinddy\/wp-content\/uploads\/2022\/12\/7116-F-KIT-COLHER-TREINAMENTO-DIPPY-F-1200px.jpg","type":"image\/jpeg"}],"twitter_card":"summary_large_image","twitter_misc":{"Est. tempo de leitura":"1 minuto"},"schema":{"@context":"https:\/\/schema.org","@graph":[{"@type":"WebPage","@id":"https:\/\/lolly.com.br\/kinddy\/produto\/kit-colher-de-treinamento-dippy\/","url":"https:\/\/lolly.com.br\/kinddy\/produto\/kit-colher-de-treinamento-dippy\/","name":"Kit Colher de Treinamento Dippy - Lolly Kinddy","isPartOf":{"@id":"https:\/\/lolly.com.br\/kinddy\/#website"},"primaryImageOfPage":{"@id":"https:\/\/lolly.com.br\/kinddy\/produto\/kit-colher-de-treinamento-dippy\/#primaryimage"},"image":{"@id":"https:\/\/lolly.com.br\/kinddy\/produto\/kit-colher-de-treinamento-dippy\/#primaryimage"},"thumbnailUrl":"https:\/\/lolly.com.br\/kinddy\/wp-content\/uploads\/2022\/12\/7116-F-KIT-COLHER-TREINAMENTO-DIPPY-F-1200px.jpg","datePublished":"2022-12-21T18:56:42+00:00","dateModified":"2023-06-07T19:04:20+00:00","description":"Kit Colher de Treinamento Dippy: ideal para a introdu\u00e7\u00e3o alimentar do beb\u00ea. Colheres em duas fases para diferentes consist\u00eancias. Prendedor para guardanapo transforma em babador. Idade: 6+ meses. Estimula autoalimenta\u00e7\u00e3o e coordena\u00e7\u00e3o motora. Material resistente e at\u00f3xico. T\u00e9cnica Dipping: Mergulhar para comer.","breadcrumb":{"@id":"https:\/\/lolly.com.br\/kinddy\/produto\/kit-colher-de-treinamento-dippy\/#breadcrumb"},"inLanguage":"pt-BR","potentialAction":[{"@type":"ReadAction","target":["https:\/\/lolly.com.br\/kinddy\/produto\/kit-colher-de-treinamento-dippy\/"]}]},{"@type":"ImageObject","inLanguage":"pt-BR","@id":"https:\/\/lolly.com.br\/kinddy\/produto\/kit-colher-de-treinamento-dippy\/#primaryimage","url":"https:\/\/lolly.com.br\/kinddy\/wp-content\/uploads\/2022\/12\/7116-F-KIT-COLHER-TREINAMENTO-DIPPY-F-1200px.jpg","contentUrl":"https:\/\/lolly.com.br\/kinddy\/wp-content\/uploads\/2022\/12\/7116-F-KIT-COLHER-TREINAMENTO-DIPPY-F-1200px.jpg","width":1200,"height":1200},{"@type":"BreadcrumbList","@id":"https:\/\/lolly.com.br\/kinddy\/produto\/kit-colher-de-treinamento-dippy\/#breadcrumb","itemListElement":[{"@type":"ListItem","position":1,"name":"In\u00edcio","item":"https:\/\/lolly.com.br\/kinddy\/"},{"@type":"ListItem","position":2,"name":"Produtos","item":"https:\/\/lolly.com.br\/kinddy\/produtos\/"},{"@type":"ListItem","position":3,"name":"Kit Colher de Treinamento Dippy"}]},{"@type":"WebSite","@id":"https:\/\/lolly.com.br\/kinddy\/#website","url":"https:\/\/lolly.com.br\/kinddy\/","name":"Lolly Kinddy","description":"","potentialAction":[{"@type":"SearchAction","target":{"@type":"EntryPoint","urlTemplate":"https:\/\/lolly.com.br\/kinddy\/?s={search_term_string}"},"query-input":{"@type":"PropertyValueSpecification","valueRequired":true,"valueName":"search_term_string"}}],"inLanguage":"pt-BR"}]}},"_links":{"self":[{"href":"https:\/\/lolly.com.br\/kinddy\/wp-json\/wp\/v2\/product\/9554","targetHints":{"allow":["GET"]}}],"collection":[{"href":"https:\/\/lolly.com.br\/kinddy\/wp-json\/wp\/v2\/product"}],"about":[{"href":"https:\/\/lolly.com.br\/kinddy\/wp-json\/wp\/v2\/types\/product"}],"replies":[{"embeddable":true,"href":"https:\/\/lolly.com.br\/kinddy\/wp-json\/wp\/v2\/comments?post=9554"}],"version-history":[{"count":6,"href":"https:\/\/lolly.com.br\/kinddy\/wp-json\/wp\/v2\/product\/9554\/revisions"}],"predecessor-version":[{"id":9958,"href":"https:\/\/lolly.com.br\/kinddy\/wp-json\/wp\/v2\/product\/9554\/revisions\/9958"}],"wp:featuredmedia":[{"embeddable":true,"href":"https:\/\/lolly.com.br\/kinddy\/wp-json\/wp\/v2\/media\/9555"}],"wp:attachment":[{"href":"https:\/\/lolly.com.br\/kinddy\/wp-json\/wp\/v2\/media?parent=9554"}],"wp:term":[{"taxonomy":"product_cat","embeddable":true,"href":"https:\/\/lolly.com.br\/kinddy\/wp-json\/wp\/v2\/product_cat?post=9554"},{"taxonomy":"product_tag","embeddable":true,"href":"https:\/\/lolly.com.br\/kinddy\/wp-json\/wp\/v2\/product_tag?post=9554"}],"curies":[{"name":"wp","href":"https:\/\/api.w.org\/{rel}","templated":true}]}}