{"id":8823,"date":"2022-06-09T17:43:33","date_gmt":"2022-06-09T20:43:33","guid":{"rendered":"https:\/\/lolly.com.br\/kinddy\/produto\/sistema-respirebem-com-soro-fisiologico\/"},"modified":"2023-06-07T16:43:19","modified_gmt":"2023-06-07T19:43:19","slug":"sistema-respirebem-com-soro-fisiologico","status":"publish","type":"product","link":"https:\/\/lolly.com.br\/kinddy\/produto\/sistema-respirebem-com-soro-fisiologico\/","title":{"rendered":"Sistema RespireBem com Soro"},"content":{"rendered":"<p>O Sistema RespireBem Lolly Kinddy alia hidrata\u00e7\u00e3o (soro fisiol\u00f3gico 0,9%) e o melhor sugador nasal, facilitando a remo\u00e7\u00e3o da secre\u00e7\u00e3o nasal.<\/p>\n<p>Proporciona al\u00edvio imediato e assim melhora o sono e a alimenta\u00e7\u00e3o. Possui dois formatos anat\u00f4micos de bicos macios que se adaptam a todas as narinas sem machucar.<\/p>\n<p>Dispensa o uso de filtro, tornando o RespireBem f\u00e1cil de usar e de higienizar.<\/p>\n<p>Assista ao nosso v\u00eddeo no <a href=\"https:\/\/youtu.be\/4NRqzQwzeAU\" target=\"_blank\" rel=\"noopener\">Youtube:<\/a><\/p>\n<p>&nbsp;<\/p>\n<p><iframe loading=\"lazy\" title=\"RespireBem Lolly - Aspirador nasal por suc\u00e7\u00e3o\" width=\"1200\" height=\"675\" src=\"https:\/\/www.youtube.com\/embed\/4NRqzQwzeAU?feature=oembed\" frameborder=\"0\" allow=\"accelerometer; autoplay; clipboard-write; encrypted-media; gyroscope; picture-in-picture; web-share\" allowfullscreen><\/iframe><\/p>\n","protected":false},"excerpt":{"rendered":"<p>RespireBem Lolly Kinddy: sistema completo para al\u00edvio imediato da secre\u00e7\u00e3o nasal. Hidrata\u00e7\u00e3o com soro fisiol\u00f3gico e sugador nasal eficaz. Bicos macios e sem necessidade de filtro. Pr\u00e1tico e f\u00e1cil de usar.<\/p>\n<p>&nbsp;<\/p>\n<section class=\"elementor-section elementor-top-section elementor-element elementor-element-72af096 elementor-section-boxed elementor-section-height-default elementor-section-height-default\" data-id=\"72af096\" data-element_type=\"section\" data-settings=\"{&quot;background_background&quot;:&quot;classic&quot;}\">\n<div class=\"elementor-container elementor-column-gap-wider\">\n<div class=\"elementor-column elementor-col-50 elementor-top-column elementor-element elementor-element-481be24\" data-id=\"481be24\" data-element_type=\"column\" data-settings=\"{&quot;background_background&quot;:&quot;classic&quot;}\">\n<div class=\"elementor-widget-wrap elementor-element-populated\">\n<div class=\"elementor-element elementor-element-a913ccc elementor-widget elementor-widget-woocommerce-product-short-description\" data-id=\"a913ccc\" data-element_type=\"widget\" data-widget_type=\"woocommerce-product-short-description.default\">\n<div class=\"elementor-widget-container\">\n<div class=\"woocommerce-product-details__short-description\">\n<p>Registro na ANVISA n\u00ba 81134970004<\/p>\n<\/div>\n<\/div>\n<\/div>\n<\/div>\n<\/div>\n<\/div>\n<\/section>\n<section class=\"elementor-section elementor-top-section elementor-element elementor-element-621ffa0 elementor-section-boxed elementor-section-height-default elementor-section-height-default\" data-id=\"621ffa0\" data-element_type=\"section\">\n<div class=\"elementor-container elementor-column-gap-wider\">\n<div class=\"elementor-column elementor-col-100 elementor-top-column elementor-element elementor-element-c8dd7bc\" data-id=\"c8dd7bc\" data-element_type=\"column\">\n<div class=\"elementor-widget-wrap elementor-element-populated\">\n<div class=\"elementor-element elementor-element-7552f51 cart-btn-always preserve-img-ratio-y onsale-h-position-left onsale-v-position-top icon-position-right icon-position-bottom elementor-widget elementor-widget-the7-wc-products-carousel\" data-id=\"7552f51\" data-element_type=\"widget\" data-widget_type=\"the7-wc-products-carousel.default\">\n<div class=\"elementor-widget-container\">\n<div><\/div>\n<\/div>\n<\/div>\n<\/div>\n<\/div>\n<\/div>\n<\/section>\n<p><span style=\"color: #999999;\">SE PERSISTIREM OS SINTOMAS, O M\u00c9DICO DEVER\u00c1 SER CONSULTADO. SOLU\u00c7\u00c3O FISIOL\u00d3GICA DE CLORETO DE S\u00d3DIO 0,9% \u00c9 UM MEDICAMENTO. SEU USO PODE TRAZER RISCOS. PROCURE O M\u00c9DICO E O FARMAC\u00caUTICO. LEIA A BULA (AS INFORMA\u00c7\u00d5ES EST\u00c3O IMPRESSAS NO CARTUCHO). MEDICAMENTO DE NOTIFICA\u00c7\u00c3O SIMPLIFICADA RDC ANVISA N\u00ba199\/2006. AFE N\u00ba1.00210-4. TODO MEDICAMENTO DEVE SER MANTIDO FORA DO ALCANCE DE CRIAN\u00c7AS.<\/span><\/p>\n","protected":false},"featured_media":8567,"comment_status":"open","ping_status":"closed","template":"","meta":[],"product_cat":[240],"product_tag":[456,454,459,460,457,450,458,453,461,449,455,451,452],"class_list":{"0":"post-8823","1":"product","2":"type-product","3":"status-publish","4":"has-post-thumbnail","6":"product_cat-higiene-e-saude","7":"product_tag-alimentacao","8":"product_tag-alivio-imediato","9":"product_tag-alivio-nasal-de-bebes","10":"product_tag-alivio-respiratorio-para-bebes","11":"product_tag-bicos-macios","12":"product_tag-hidratacao","13":"product_tag-narinas-sensiveis","14":"product_tag-remocao-de-secrecao-nasal","15":"product_tag-respire-bem","16":"product_tag-respirebem","17":"product_tag-sono","18":"product_tag-soro-fisiologico","19":"product_tag-sugador-nasal","20":"pa_idade-0-meses","21":"description-off","23":"first","24":"instock","25":"shipping-taxable","26":"product-type-simple"},"yoast_head":"<!-- This site is optimized with the Yoast SEO plugin v23.7 - https:\/\/yoast.com\/wordpress\/plugins\/seo\/ -->\n<title>Sistema RespireBem com Soro - Lolly Kinddy<\/title>\n<meta name=\"description\" content=\"O Sistema RespireBem Lolly Kinddy: hidrata\u00e7\u00e3o e remo\u00e7\u00e3o de secre\u00e7\u00e3o nasal em um s\u00f3 produto. Al\u00edvio imediato para melhorar sono e alimenta\u00e7\u00e3o. Bicos macios anat\u00f4micos para narinas sens\u00edveis. Sem filtro, f\u00e1cil de usar e higienizar. Proporciona conforto e praticidade.\" \/>\n<meta name=\"robots\" content=\"index, follow, max-snippet:-1, max-image-preview:large, max-video-preview:-1\" \/>\n<link rel=\"canonical\" href=\"https:\/\/lolly.com.br\/kinddy\/produto\/sistema-respirebem-com-soro-fisiologico\/\" \/>\n<meta property=\"og:locale\" content=\"pt_BR\" \/>\n<meta property=\"og:type\" content=\"article\" \/>\n<meta property=\"og:title\" content=\"Sistema RespireBem com Soro - Lolly Kinddy\" \/>\n<meta property=\"og:description\" content=\"O Sistema RespireBem Lolly Kinddy: hidrata\u00e7\u00e3o e remo\u00e7\u00e3o de secre\u00e7\u00e3o nasal em um s\u00f3 produto. Al\u00edvio imediato para melhorar sono e alimenta\u00e7\u00e3o. Bicos macios anat\u00f4micos para narinas sens\u00edveis. Sem filtro, f\u00e1cil de usar e higienizar. Proporciona conforto e praticidade.\" \/>\n<meta property=\"og:url\" content=\"https:\/\/lolly.com.br\/kinddy\/produto\/sistema-respirebem-com-soro-fisiologico\/\" \/>\n<meta property=\"og:site_name\" content=\"Lolly Kinddy\" \/>\n<meta property=\"article:modified_time\" content=\"2023-06-07T19:43:19+00:00\" \/>\n<meta property=\"og:image\" content=\"https:\/\/lolly.com.br\/kinddy\/wp-content\/uploads\/2022\/06\/7175-01-3.png\" \/>\n\t<meta property=\"og:image:width\" content=\"875\" \/>\n\t<meta property=\"og:image:height\" content=\"875\" \/>\n\t<meta property=\"og:image:type\" content=\"image\/png\" \/>\n<meta name=\"twitter:card\" content=\"summary_large_image\" \/>\n<meta name=\"twitter:label1\" content=\"Est. tempo de leitura\" \/>\n\t<meta name=\"twitter:data1\" content=\"1 minuto\" \/>\n<script type=\"application\/ld+json\" class=\"yoast-schema-graph\">{\"@context\":\"https:\/\/schema.org\",\"@graph\":[{\"@type\":\"WebPage\",\"@id\":\"https:\/\/lolly.com.br\/kinddy\/produto\/sistema-respirebem-com-soro-fisiologico\/\",\"url\":\"https:\/\/lolly.com.br\/kinddy\/produto\/sistema-respirebem-com-soro-fisiologico\/\",\"name\":\"Sistema RespireBem com Soro - Lolly Kinddy\",\"isPartOf\":{\"@id\":\"https:\/\/lolly.com.br\/kinddy\/#website\"},\"primaryImageOfPage\":{\"@id\":\"https:\/\/lolly.com.br\/kinddy\/produto\/sistema-respirebem-com-soro-fisiologico\/#primaryimage\"},\"image\":{\"@id\":\"https:\/\/lolly.com.br\/kinddy\/produto\/sistema-respirebem-com-soro-fisiologico\/#primaryimage\"},\"thumbnailUrl\":\"https:\/\/lolly.com.br\/kinddy\/wp-content\/uploads\/2022\/06\/7175-01-3.png\",\"datePublished\":\"2022-06-09T20:43:33+00:00\",\"dateModified\":\"2023-06-07T19:43:19+00:00\",\"description\":\"O Sistema RespireBem Lolly Kinddy: hidrata\u00e7\u00e3o e remo\u00e7\u00e3o de secre\u00e7\u00e3o nasal em um s\u00f3 produto. Al\u00edvio imediato para melhorar sono e alimenta\u00e7\u00e3o. Bicos macios anat\u00f4micos para narinas sens\u00edveis. Sem filtro, f\u00e1cil de usar e higienizar. Proporciona conforto e praticidade.\",\"breadcrumb\":{\"@id\":\"https:\/\/lolly.com.br\/kinddy\/produto\/sistema-respirebem-com-soro-fisiologico\/#breadcrumb\"},\"inLanguage\":\"pt-BR\",\"potentialAction\":[{\"@type\":\"ReadAction\",\"target\":[\"https:\/\/lolly.com.br\/kinddy\/produto\/sistema-respirebem-com-soro-fisiologico\/\"]}]},{\"@type\":\"ImageObject\",\"inLanguage\":\"pt-BR\",\"@id\":\"https:\/\/lolly.com.br\/kinddy\/produto\/sistema-respirebem-com-soro-fisiologico\/#primaryimage\",\"url\":\"https:\/\/lolly.com.br\/kinddy\/wp-content\/uploads\/2022\/06\/7175-01-3.png\",\"contentUrl\":\"https:\/\/lolly.com.br\/kinddy\/wp-content\/uploads\/2022\/06\/7175-01-3.png\",\"width\":875,\"height\":875},{\"@type\":\"BreadcrumbList\",\"@id\":\"https:\/\/lolly.com.br\/kinddy\/produto\/sistema-respirebem-com-soro-fisiologico\/#breadcrumb\",\"itemListElement\":[{\"@type\":\"ListItem\",\"position\":1,\"name\":\"In\u00edcio\",\"item\":\"https:\/\/lolly.com.br\/kinddy\/\"},{\"@type\":\"ListItem\",\"position\":2,\"name\":\"Produtos\",\"item\":\"https:\/\/lolly.com.br\/kinddy\/produtos\/\"},{\"@type\":\"ListItem\",\"position\":3,\"name\":\"Sistema RespireBem com Soro\"}]},{\"@type\":\"WebSite\",\"@id\":\"https:\/\/lolly.com.br\/kinddy\/#website\",\"url\":\"https:\/\/lolly.com.br\/kinddy\/\",\"name\":\"Lolly Kinddy\",\"description\":\"\",\"potentialAction\":[{\"@type\":\"SearchAction\",\"target\":{\"@type\":\"EntryPoint\",\"urlTemplate\":\"https:\/\/lolly.com.br\/kinddy\/?s={search_term_string}\"},\"query-input\":{\"@type\":\"PropertyValueSpecification\",\"valueRequired\":true,\"valueName\":\"search_term_string\"}}],\"inLanguage\":\"pt-BR\"}]}<\/script>\n<!-- \/ Yoast SEO plugin. -->","yoast_head_json":{"title":"Sistema RespireBem com Soro - Lolly Kinddy","description":"O Sistema RespireBem Lolly Kinddy: hidrata\u00e7\u00e3o e remo\u00e7\u00e3o de secre\u00e7\u00e3o nasal em um s\u00f3 produto. Al\u00edvio imediato para melhorar sono e alimenta\u00e7\u00e3o. Bicos macios anat\u00f4micos para narinas sens\u00edveis. Sem filtro, f\u00e1cil de usar e higienizar. Proporciona conforto e praticidade.","robots":{"index":"index","follow":"follow","max-snippet":"max-snippet:-1","max-image-preview":"max-image-preview:large","max-video-preview":"max-video-preview:-1"},"canonical":"https:\/\/lolly.com.br\/kinddy\/produto\/sistema-respirebem-com-soro-fisiologico\/","og_locale":"pt_BR","og_type":"article","og_title":"Sistema RespireBem com Soro - Lolly Kinddy","og_description":"O Sistema RespireBem Lolly Kinddy: hidrata\u00e7\u00e3o e remo\u00e7\u00e3o de secre\u00e7\u00e3o nasal em um s\u00f3 produto. Al\u00edvio imediato para melhorar sono e alimenta\u00e7\u00e3o. Bicos macios anat\u00f4micos para narinas sens\u00edveis. Sem filtro, f\u00e1cil de usar e higienizar. Proporciona conforto e praticidade.","og_url":"https:\/\/lolly.com.br\/kinddy\/produto\/sistema-respirebem-com-soro-fisiologico\/","og_site_name":"Lolly Kinddy","article_modified_time":"2023-06-07T19:43:19+00:00","og_image":[{"width":875,"height":875,"url":"https:\/\/lolly.com.br\/kinddy\/wp-content\/uploads\/2022\/06\/7175-01-3.png","type":"image\/png"}],"twitter_card":"summary_large_image","twitter_misc":{"Est. tempo de leitura":"1 minuto"},"schema":{"@context":"https:\/\/schema.org","@graph":[{"@type":"WebPage","@id":"https:\/\/lolly.com.br\/kinddy\/produto\/sistema-respirebem-com-soro-fisiologico\/","url":"https:\/\/lolly.com.br\/kinddy\/produto\/sistema-respirebem-com-soro-fisiologico\/","name":"Sistema RespireBem com Soro - Lolly Kinddy","isPartOf":{"@id":"https:\/\/lolly.com.br\/kinddy\/#website"},"primaryImageOfPage":{"@id":"https:\/\/lolly.com.br\/kinddy\/produto\/sistema-respirebem-com-soro-fisiologico\/#primaryimage"},"image":{"@id":"https:\/\/lolly.com.br\/kinddy\/produto\/sistema-respirebem-com-soro-fisiologico\/#primaryimage"},"thumbnailUrl":"https:\/\/lolly.com.br\/kinddy\/wp-content\/uploads\/2022\/06\/7175-01-3.png","datePublished":"2022-06-09T20:43:33+00:00","dateModified":"2023-06-07T19:43:19+00:00","description":"O Sistema RespireBem Lolly Kinddy: hidrata\u00e7\u00e3o e remo\u00e7\u00e3o de secre\u00e7\u00e3o nasal em um s\u00f3 produto. Al\u00edvio imediato para melhorar sono e alimenta\u00e7\u00e3o. Bicos macios anat\u00f4micos para narinas sens\u00edveis. Sem filtro, f\u00e1cil de usar e higienizar. Proporciona conforto e praticidade.","breadcrumb":{"@id":"https:\/\/lolly.com.br\/kinddy\/produto\/sistema-respirebem-com-soro-fisiologico\/#breadcrumb"},"inLanguage":"pt-BR","potentialAction":[{"@type":"ReadAction","target":["https:\/\/lolly.com.br\/kinddy\/produto\/sistema-respirebem-com-soro-fisiologico\/"]}]},{"@type":"ImageObject","inLanguage":"pt-BR","@id":"https:\/\/lolly.com.br\/kinddy\/produto\/sistema-respirebem-com-soro-fisiologico\/#primaryimage","url":"https:\/\/lolly.com.br\/kinddy\/wp-content\/uploads\/2022\/06\/7175-01-3.png","contentUrl":"https:\/\/lolly.com.br\/kinddy\/wp-content\/uploads\/2022\/06\/7175-01-3.png","width":875,"height":875},{"@type":"BreadcrumbList","@id":"https:\/\/lolly.com.br\/kinddy\/produto\/sistema-respirebem-com-soro-fisiologico\/#breadcrumb","itemListElement":[{"@type":"ListItem","position":1,"name":"In\u00edcio","item":"https:\/\/lolly.com.br\/kinddy\/"},{"@type":"ListItem","position":2,"name":"Produtos","item":"https:\/\/lolly.com.br\/kinddy\/produtos\/"},{"@type":"ListItem","position":3,"name":"Sistema RespireBem com Soro"}]},{"@type":"WebSite","@id":"https:\/\/lolly.com.br\/kinddy\/#website","url":"https:\/\/lolly.com.br\/kinddy\/","name":"Lolly Kinddy","description":"","potentialAction":[{"@type":"SearchAction","target":{"@type":"EntryPoint","urlTemplate":"https:\/\/lolly.com.br\/kinddy\/?s={search_term_string}"},"query-input":{"@type":"PropertyValueSpecification","valueRequired":true,"valueName":"search_term_string"}}],"inLanguage":"pt-BR"}]}},"_links":{"self":[{"href":"https:\/\/lolly.com.br\/kinddy\/wp-json\/wp\/v2\/product\/8823","targetHints":{"allow":["GET"]}}],"collection":[{"href":"https:\/\/lolly.com.br\/kinddy\/wp-json\/wp\/v2\/product"}],"about":[{"href":"https:\/\/lolly.com.br\/kinddy\/wp-json\/wp\/v2\/types\/product"}],"replies":[{"embeddable":true,"href":"https:\/\/lolly.com.br\/kinddy\/wp-json\/wp\/v2\/comments?post=8823"}],"version-history":[{"count":3,"href":"https:\/\/lolly.com.br\/kinddy\/wp-json\/wp\/v2\/product\/8823\/revisions"}],"predecessor-version":[{"id":9968,"href":"https:\/\/lolly.com.br\/kinddy\/wp-json\/wp\/v2\/product\/8823\/revisions\/9968"}],"wp:featuredmedia":[{"embeddable":true,"href":"https:\/\/lolly.com.br\/kinddy\/wp-json\/wp\/v2\/media\/8567"}],"wp:attachment":[{"href":"https:\/\/lolly.com.br\/kinddy\/wp-json\/wp\/v2\/media?parent=8823"}],"wp:term":[{"taxonomy":"product_cat","embeddable":true,"href":"https:\/\/lolly.com.br\/kinddy\/wp-json\/wp\/v2\/product_cat?post=8823"},{"taxonomy":"product_tag","embeddable":true,"href":"https:\/\/lolly.com.br\/kinddy\/wp-json\/wp\/v2\/product_tag?post=8823"}],"curies":[{"name":"wp","href":"https:\/\/api.w.org\/{rel}","templated":true}]}}