{"id":8785,"date":"2022-06-09T17:43:13","date_gmt":"2022-06-09T20:43:13","guid":{"rendered":"https:\/\/lolly.com.br\/kinddy\/produto\/mordedor-peixe-com-penduricalhos\/"},"modified":"2023-06-07T15:52:12","modified_gmt":"2023-06-07T18:52:12","slug":"mordedor-peixe-com-penduricalhos","status":"publish","type":"product","link":"https:\/\/lolly.com.br\/kinddy\/produto\/mordedor-peixe-com-penduricalhos\/","title":{"rendered":"Mordedor Peixe com Penduricalhos"},"content":{"rendered":"<p>O Mordedor com Penduricalhos Lolly Kinddy \u00e9 confeccionado com material flex\u00edvel para n\u00e3o machucar as gengivas do beb\u00ea e auxiliar na fase inicial da denti\u00e7\u00e3o. Idade: 4+ Meses. Supermacio, seguro.<\/p>\n<p>Lav\u00e1vel e at\u00f3xico. Alivia as dores e massageia a gengiva.<\/p>\n","protected":false},"excerpt":{"rendered":"<p>O Mordedor Peixe com Penduricalhos, \u00e9 ideal para beb\u00eas \u00e0 partir de 4 meses. Ajuda \u00e0 aliviar as dores e desconforto do nascimento dos primeiros dentinhos, massageia a gengiva, \u00e9 supermacio e seguro. Feito de material lav\u00e1vel e at\u00f3xico.<\/p>\n<p>Produto em conformidade<br \/>\nCE-BRI\/IQB2659 NM300\/2002 &#8211; OCP 0006<\/p>\n","protected":false},"featured_media":8786,"comment_status":"open","ping_status":"closed","template":"","meta":[],"product_cat":[237],"product_tag":[433,430,429,428,432,431],"class_list":{"0":"post-8785","1":"product","2":"type-product","3":"status-publish","4":"has-post-thumbnail","6":"product_cat-brinquedos","7":"product_tag-alivio-dos-primeiros-dentinhos","8":"product_tag-fase-da-denticao","9":"product_tag-melhores-mordedores-para-bebes","10":"product_tag-mordedor","11":"product_tag-mordedor-para-os-primeiros-dentes","12":"product_tag-nascimento-dos-primeiros-dentinhos","13":"pa_idade-4-meses","14":"description-off","16":"first","17":"instock","18":"shipping-taxable","19":"product-type-simple"},"yoast_head":"<!-- This site is optimized with the Yoast SEO plugin v23.7 - https:\/\/yoast.com\/wordpress\/plugins\/seo\/ -->\n<title>Mordedor Peixe com Penduricalhos - Lolly Kinddy<\/title>\n<meta name=\"description\" content=\"O Mordedor Peixe com Penduricalhos, \u00e9 ideal para beb\u00eas \u00e0 partir de 4 meses. Ajuda \u00e0 aliviar as dores e desconforto do nascimento dos primeiros dentinhos, massageia a gengiva, \u00e9 supermacio e seguro. Feito de material lav\u00e1vel e at\u00f3xico.\" \/>\n<meta name=\"robots\" content=\"index, follow, max-snippet:-1, max-image-preview:large, max-video-preview:-1\" \/>\n<link rel=\"canonical\" href=\"https:\/\/lolly.com.br\/kinddy\/produto\/mordedor-peixe-com-penduricalhos\/\" \/>\n<meta property=\"og:locale\" content=\"pt_BR\" \/>\n<meta property=\"og:type\" content=\"article\" \/>\n<meta property=\"og:title\" content=\"Mordedor Peixe com Penduricalhos - Lolly Kinddy\" \/>\n<meta property=\"og:description\" content=\"O Mordedor Peixe com Penduricalhos, \u00e9 ideal para beb\u00eas \u00e0 partir de 4 meses. Ajuda \u00e0 aliviar as dores e desconforto do nascimento dos primeiros dentinhos, massageia a gengiva, \u00e9 supermacio e seguro. Feito de material lav\u00e1vel e at\u00f3xico.\" \/>\n<meta property=\"og:url\" content=\"https:\/\/lolly.com.br\/kinddy\/produto\/mordedor-peixe-com-penduricalhos\/\" \/>\n<meta property=\"og:site_name\" content=\"Lolly Kinddy\" \/>\n<meta property=\"article:modified_time\" content=\"2023-06-07T18:52:12+00:00\" \/>\n<meta property=\"og:image\" content=\"https:\/\/lolly.com.br\/kinddy\/wp-content\/uploads\/2022\/06\/7043-1-1.png\" \/>\n\t<meta property=\"og:image:width\" content=\"875\" \/>\n\t<meta property=\"og:image:height\" content=\"875\" \/>\n\t<meta property=\"og:image:type\" content=\"image\/png\" \/>\n<meta name=\"twitter:card\" content=\"summary_large_image\" \/>\n<meta name=\"twitter:label1\" content=\"Est. tempo de leitura\" \/>\n\t<meta name=\"twitter:data1\" content=\"1 minuto\" \/>\n<script type=\"application\/ld+json\" class=\"yoast-schema-graph\">{\"@context\":\"https:\/\/schema.org\",\"@graph\":[{\"@type\":\"WebPage\",\"@id\":\"https:\/\/lolly.com.br\/kinddy\/produto\/mordedor-peixe-com-penduricalhos\/\",\"url\":\"https:\/\/lolly.com.br\/kinddy\/produto\/mordedor-peixe-com-penduricalhos\/\",\"name\":\"Mordedor Peixe com Penduricalhos - Lolly Kinddy\",\"isPartOf\":{\"@id\":\"https:\/\/lolly.com.br\/kinddy\/#website\"},\"primaryImageOfPage\":{\"@id\":\"https:\/\/lolly.com.br\/kinddy\/produto\/mordedor-peixe-com-penduricalhos\/#primaryimage\"},\"image\":{\"@id\":\"https:\/\/lolly.com.br\/kinddy\/produto\/mordedor-peixe-com-penduricalhos\/#primaryimage\"},\"thumbnailUrl\":\"https:\/\/lolly.com.br\/kinddy\/wp-content\/uploads\/2022\/06\/7043-1-1.png\",\"datePublished\":\"2022-06-09T20:43:13+00:00\",\"dateModified\":\"2023-06-07T18:52:12+00:00\",\"description\":\"O Mordedor Peixe com Penduricalhos, \u00e9 ideal para beb\u00eas \u00e0 partir de 4 meses. Ajuda \u00e0 aliviar as dores e desconforto do nascimento dos primeiros dentinhos, massageia a gengiva, \u00e9 supermacio e seguro. Feito de material lav\u00e1vel e at\u00f3xico.\",\"breadcrumb\":{\"@id\":\"https:\/\/lolly.com.br\/kinddy\/produto\/mordedor-peixe-com-penduricalhos\/#breadcrumb\"},\"inLanguage\":\"pt-BR\",\"potentialAction\":[{\"@type\":\"ReadAction\",\"target\":[\"https:\/\/lolly.com.br\/kinddy\/produto\/mordedor-peixe-com-penduricalhos\/\"]}]},{\"@type\":\"ImageObject\",\"inLanguage\":\"pt-BR\",\"@id\":\"https:\/\/lolly.com.br\/kinddy\/produto\/mordedor-peixe-com-penduricalhos\/#primaryimage\",\"url\":\"https:\/\/lolly.com.br\/kinddy\/wp-content\/uploads\/2022\/06\/7043-1-1.png\",\"contentUrl\":\"https:\/\/lolly.com.br\/kinddy\/wp-content\/uploads\/2022\/06\/7043-1-1.png\",\"width\":875,\"height\":875,\"caption\":\"Mordedor Peixe com Penduricalhos\"},{\"@type\":\"BreadcrumbList\",\"@id\":\"https:\/\/lolly.com.br\/kinddy\/produto\/mordedor-peixe-com-penduricalhos\/#breadcrumb\",\"itemListElement\":[{\"@type\":\"ListItem\",\"position\":1,\"name\":\"In\u00edcio\",\"item\":\"https:\/\/lolly.com.br\/kinddy\/\"},{\"@type\":\"ListItem\",\"position\":2,\"name\":\"Produtos\",\"item\":\"https:\/\/lolly.com.br\/kinddy\/produtos\/\"},{\"@type\":\"ListItem\",\"position\":3,\"name\":\"Mordedor Peixe com Penduricalhos\"}]},{\"@type\":\"WebSite\",\"@id\":\"https:\/\/lolly.com.br\/kinddy\/#website\",\"url\":\"https:\/\/lolly.com.br\/kinddy\/\",\"name\":\"Lolly Kinddy\",\"description\":\"\",\"potentialAction\":[{\"@type\":\"SearchAction\",\"target\":{\"@type\":\"EntryPoint\",\"urlTemplate\":\"https:\/\/lolly.com.br\/kinddy\/?s={search_term_string}\"},\"query-input\":{\"@type\":\"PropertyValueSpecification\",\"valueRequired\":true,\"valueName\":\"search_term_string\"}}],\"inLanguage\":\"pt-BR\"}]}<\/script>\n<!-- \/ Yoast SEO plugin. -->","yoast_head_json":{"title":"Mordedor Peixe com Penduricalhos - Lolly Kinddy","description":"O Mordedor Peixe com Penduricalhos, \u00e9 ideal para beb\u00eas \u00e0 partir de 4 meses. Ajuda \u00e0 aliviar as dores e desconforto do nascimento dos primeiros dentinhos, massageia a gengiva, \u00e9 supermacio e seguro. Feito de material lav\u00e1vel e at\u00f3xico.","robots":{"index":"index","follow":"follow","max-snippet":"max-snippet:-1","max-image-preview":"max-image-preview:large","max-video-preview":"max-video-preview:-1"},"canonical":"https:\/\/lolly.com.br\/kinddy\/produto\/mordedor-peixe-com-penduricalhos\/","og_locale":"pt_BR","og_type":"article","og_title":"Mordedor Peixe com Penduricalhos - Lolly Kinddy","og_description":"O Mordedor Peixe com Penduricalhos, \u00e9 ideal para beb\u00eas \u00e0 partir de 4 meses. Ajuda \u00e0 aliviar as dores e desconforto do nascimento dos primeiros dentinhos, massageia a gengiva, \u00e9 supermacio e seguro. Feito de material lav\u00e1vel e at\u00f3xico.","og_url":"https:\/\/lolly.com.br\/kinddy\/produto\/mordedor-peixe-com-penduricalhos\/","og_site_name":"Lolly Kinddy","article_modified_time":"2023-06-07T18:52:12+00:00","og_image":[{"width":875,"height":875,"url":"https:\/\/lolly.com.br\/kinddy\/wp-content\/uploads\/2022\/06\/7043-1-1.png","type":"image\/png"}],"twitter_card":"summary_large_image","twitter_misc":{"Est. tempo de leitura":"1 minuto"},"schema":{"@context":"https:\/\/schema.org","@graph":[{"@type":"WebPage","@id":"https:\/\/lolly.com.br\/kinddy\/produto\/mordedor-peixe-com-penduricalhos\/","url":"https:\/\/lolly.com.br\/kinddy\/produto\/mordedor-peixe-com-penduricalhos\/","name":"Mordedor Peixe com Penduricalhos - Lolly Kinddy","isPartOf":{"@id":"https:\/\/lolly.com.br\/kinddy\/#website"},"primaryImageOfPage":{"@id":"https:\/\/lolly.com.br\/kinddy\/produto\/mordedor-peixe-com-penduricalhos\/#primaryimage"},"image":{"@id":"https:\/\/lolly.com.br\/kinddy\/produto\/mordedor-peixe-com-penduricalhos\/#primaryimage"},"thumbnailUrl":"https:\/\/lolly.com.br\/kinddy\/wp-content\/uploads\/2022\/06\/7043-1-1.png","datePublished":"2022-06-09T20:43:13+00:00","dateModified":"2023-06-07T18:52:12+00:00","description":"O Mordedor Peixe com Penduricalhos, \u00e9 ideal para beb\u00eas \u00e0 partir de 4 meses. Ajuda \u00e0 aliviar as dores e desconforto do nascimento dos primeiros dentinhos, massageia a gengiva, \u00e9 supermacio e seguro. Feito de material lav\u00e1vel e at\u00f3xico.","breadcrumb":{"@id":"https:\/\/lolly.com.br\/kinddy\/produto\/mordedor-peixe-com-penduricalhos\/#breadcrumb"},"inLanguage":"pt-BR","potentialAction":[{"@type":"ReadAction","target":["https:\/\/lolly.com.br\/kinddy\/produto\/mordedor-peixe-com-penduricalhos\/"]}]},{"@type":"ImageObject","inLanguage":"pt-BR","@id":"https:\/\/lolly.com.br\/kinddy\/produto\/mordedor-peixe-com-penduricalhos\/#primaryimage","url":"https:\/\/lolly.com.br\/kinddy\/wp-content\/uploads\/2022\/06\/7043-1-1.png","contentUrl":"https:\/\/lolly.com.br\/kinddy\/wp-content\/uploads\/2022\/06\/7043-1-1.png","width":875,"height":875,"caption":"Mordedor Peixe com Penduricalhos"},{"@type":"BreadcrumbList","@id":"https:\/\/lolly.com.br\/kinddy\/produto\/mordedor-peixe-com-penduricalhos\/#breadcrumb","itemListElement":[{"@type":"ListItem","position":1,"name":"In\u00edcio","item":"https:\/\/lolly.com.br\/kinddy\/"},{"@type":"ListItem","position":2,"name":"Produtos","item":"https:\/\/lolly.com.br\/kinddy\/produtos\/"},{"@type":"ListItem","position":3,"name":"Mordedor Peixe com Penduricalhos"}]},{"@type":"WebSite","@id":"https:\/\/lolly.com.br\/kinddy\/#website","url":"https:\/\/lolly.com.br\/kinddy\/","name":"Lolly Kinddy","description":"","potentialAction":[{"@type":"SearchAction","target":{"@type":"EntryPoint","urlTemplate":"https:\/\/lolly.com.br\/kinddy\/?s={search_term_string}"},"query-input":{"@type":"PropertyValueSpecification","valueRequired":true,"valueName":"search_term_string"}}],"inLanguage":"pt-BR"}]}},"_links":{"self":[{"href":"https:\/\/lolly.com.br\/kinddy\/wp-json\/wp\/v2\/product\/8785","targetHints":{"allow":["GET"]}}],"collection":[{"href":"https:\/\/lolly.com.br\/kinddy\/wp-json\/wp\/v2\/product"}],"about":[{"href":"https:\/\/lolly.com.br\/kinddy\/wp-json\/wp\/v2\/types\/product"}],"replies":[{"embeddable":true,"href":"https:\/\/lolly.com.br\/kinddy\/wp-json\/wp\/v2\/comments?post=8785"}],"version-history":[{"count":2,"href":"https:\/\/lolly.com.br\/kinddy\/wp-json\/wp\/v2\/product\/8785\/revisions"}],"predecessor-version":[{"id":9950,"href":"https:\/\/lolly.com.br\/kinddy\/wp-json\/wp\/v2\/product\/8785\/revisions\/9950"}],"wp:featuredmedia":[{"embeddable":true,"href":"https:\/\/lolly.com.br\/kinddy\/wp-json\/wp\/v2\/media\/8786"}],"wp:attachment":[{"href":"https:\/\/lolly.com.br\/kinddy\/wp-json\/wp\/v2\/media?parent=8785"}],"wp:term":[{"taxonomy":"product_cat","embeddable":true,"href":"https:\/\/lolly.com.br\/kinddy\/wp-json\/wp\/v2\/product_cat?post=8785"},{"taxonomy":"product_tag","embeddable":true,"href":"https:\/\/lolly.com.br\/kinddy\/wp-json\/wp\/v2\/product_tag?post=8785"}],"curies":[{"name":"wp","href":"https:\/\/api.w.org\/{rel}","templated":true}]}}