{"id":8774,"date":"2022-06-09T17:43:08","date_gmt":"2022-06-09T20:43:08","guid":{"rendered":"https:\/\/lolly.com.br\/kinddy\/produto\/concha-amamentacao-pos-parto-2un\/"},"modified":"2023-06-07T12:36:46","modified_gmt":"2023-06-07T15:36:46","slug":"concha-amamentacao-pos-parto-2un","status":"publish","type":"product","link":"https:\/\/lolly.com.br\/kinddy\/produto\/concha-amamentacao-pos-parto-2un\/","title":{"rendered":"Concha Amamenta\u00e7\u00e3o P\u00f3s-parto (2un)"},"content":{"rendered":"<p>Kit com 2 Conchas de Amamenta\u00e7\u00e3o P\u00f3s-parto Lolly Kinddy. Base macia, v\u00e1lvula de ventila\u00e7\u00e3o que evita les\u00f5es e favorece a cicatriza\u00e7\u00e3o.<\/p>\n<p>Auxiliam na prepara\u00e7\u00e3o e forma\u00e7\u00e3o do bico para a pega correta do beb\u00ea, al\u00e9m de proteger o mamilo e evitar rachaduras e vazamentos.<\/p>\n<p>Podem ser usadas a partir da 35\u00aa semana de gesta\u00e7\u00e3o. \u00c9 indicada para todos os tipos de bicos. Mantem o bico e a roupa secos.<\/p>\n<p>* A Organiza\u00e7\u00e3o Mundial da Sa\u00fade (OMS) e o Minist\u00e9rio da Sa\u00fade do Brasil recomendam aleitamento materno por dois anos ou mais, sendo exclusivo nos primeiros seis meses.<\/p>\n<p>Assista ao nosso v\u00eddeo no <a href=\"https:\/\/youtu.be\/qlKxiOtvYwk\" target=\"_blank\" rel=\"noopener\">Youtube<\/a>:<\/p>\n<p><iframe loading=\"lazy\" title=\"Conchas de Amamenta\u00e7\u00e3o Lolly\" width=\"1200\" height=\"675\" src=\"https:\/\/www.youtube.com\/embed\/qlKxiOtvYwk?feature=oembed\" frameborder=\"0\" allow=\"accelerometer; autoplay; clipboard-write; encrypted-media; gyroscope; picture-in-picture; web-share\" allowfullscreen><\/iframe><\/p>\n","protected":false},"excerpt":{"rendered":"<p>Conchas de Amamenta\u00e7\u00e3o P\u00f3s-parto Lolly Kinddy: Kit 2 unidades.<\/p>\n<p>Base macia, v\u00e1lvula de ventila\u00e7\u00e3o.<\/p>\n<p>Auxiliam na forma\u00e7\u00e3o do bico, protegem contra rachaduras e vazamentos.<\/p>\n<p>Indicadas para bicos curtos, planos ou invertidos.<\/p>\n<p>Uso a partir da 35\u00aa semana de gesta\u00e7\u00e3o.<\/p>\n","protected":false},"featured_media":9887,"comment_status":"open","ping_status":"closed","template":"","meta":[],"product_cat":[235],"product_tag":[353,375,376,378,377,374,381,348,357,364,379,380,382],"class_list":{"0":"post-8774","1":"product","2":"type-product","3":"status-publish","4":"has-post-thumbnail","6":"product_cat-amamentacao","7":"product_tag-aleitamento-materno","8":"product_tag-concha-macia","9":"product_tag-concha-para-bicos-curtos","10":"product_tag-concha-para-bicos-invertidos","11":"product_tag-concha-para-bicos-planos","12":"product_tag-conchas-de-amamentacao-pos-parto","13":"product_tag-conchas-pos-parto","14":"product_tag-lactante","15":"product_tag-maternidade","16":"product_tag-preparacao-do-bico-para-amamentacao","17":"product_tag-protecao-contra-rachaduras-do-seio","18":"product_tag-protecao-contra-vazamentos-do-leite","19":"product_tag-protecao-do-seio-pos-parto","20":"description-off","22":"first","23":"instock","24":"shipping-taxable","25":"product-type-simple"},"yoast_head":"<!-- This site is optimized with the Yoast SEO plugin v23.7 - https:\/\/yoast.com\/wordpress\/plugins\/seo\/ -->\n<title>Concha Amamenta\u00e7\u00e3o P\u00f3s-parto (2un) - Lolly Kinddy<\/title>\n<meta name=\"description\" content=\"Conchas de Amamenta\u00e7\u00e3o P\u00f3s-parto Lolly Kinddy: Kit 2 unidades. Base macia, v\u00e1lvula de ventila\u00e7\u00e3o para cicatriza\u00e7\u00e3o. Auxiliam na forma\u00e7\u00e3o do bico, protegem contra rachaduras e vazamentos. Indicadas para bicos curtos, planos ou invertidos. Uso a partir da 35\u00aa semana de gesta\u00e7\u00e3o.\" \/>\n<meta name=\"robots\" content=\"index, follow, max-snippet:-1, max-image-preview:large, max-video-preview:-1\" \/>\n<link rel=\"canonical\" href=\"https:\/\/lolly.com.br\/kinddy\/produto\/concha-amamentacao-pos-parto-2un\/\" \/>\n<meta property=\"og:locale\" content=\"pt_BR\" \/>\n<meta property=\"og:type\" content=\"article\" \/>\n<meta property=\"og:title\" content=\"Concha Amamenta\u00e7\u00e3o P\u00f3s-parto (2un) - Lolly Kinddy\" \/>\n<meta property=\"og:description\" content=\"Conchas de Amamenta\u00e7\u00e3o P\u00f3s-parto Lolly Kinddy: Kit 2 unidades. Base macia, v\u00e1lvula de ventila\u00e7\u00e3o para cicatriza\u00e7\u00e3o. Auxiliam na forma\u00e7\u00e3o do bico, protegem contra rachaduras e vazamentos. Indicadas para bicos curtos, planos ou invertidos. Uso a partir da 35\u00aa semana de gesta\u00e7\u00e3o.\" \/>\n<meta property=\"og:url\" content=\"https:\/\/lolly.com.br\/kinddy\/produto\/concha-amamentacao-pos-parto-2un\/\" \/>\n<meta property=\"og:site_name\" content=\"Lolly Kinddy\" \/>\n<meta property=\"article:modified_time\" content=\"2023-06-07T15:36:46+00:00\" \/>\n<meta property=\"og:image\" content=\"https:\/\/lolly.com.br\/kinddy\/wp-content\/uploads\/2022\/06\/7221-01CONCHA-AMAMENTACAO-MACIA-1-1200px.jpg\" \/>\n\t<meta property=\"og:image:width\" content=\"1200\" \/>\n\t<meta property=\"og:image:height\" content=\"1002\" \/>\n\t<meta property=\"og:image:type\" content=\"image\/jpeg\" \/>\n<meta name=\"twitter:card\" content=\"summary_large_image\" \/>\n<meta name=\"twitter:label1\" content=\"Est. tempo de leitura\" \/>\n\t<meta name=\"twitter:data1\" content=\"1 minuto\" \/>\n<script type=\"application\/ld+json\" class=\"yoast-schema-graph\">{\"@context\":\"https:\/\/schema.org\",\"@graph\":[{\"@type\":\"WebPage\",\"@id\":\"https:\/\/lolly.com.br\/kinddy\/produto\/concha-amamentacao-pos-parto-2un\/\",\"url\":\"https:\/\/lolly.com.br\/kinddy\/produto\/concha-amamentacao-pos-parto-2un\/\",\"name\":\"Concha Amamenta\u00e7\u00e3o P\u00f3s-parto (2un) - Lolly Kinddy\",\"isPartOf\":{\"@id\":\"https:\/\/lolly.com.br\/kinddy\/#website\"},\"primaryImageOfPage\":{\"@id\":\"https:\/\/lolly.com.br\/kinddy\/produto\/concha-amamentacao-pos-parto-2un\/#primaryimage\"},\"image\":{\"@id\":\"https:\/\/lolly.com.br\/kinddy\/produto\/concha-amamentacao-pos-parto-2un\/#primaryimage\"},\"thumbnailUrl\":\"https:\/\/lolly.com.br\/kinddy\/wp-content\/uploads\/2022\/06\/7221-01CONCHA-AMAMENTACAO-MACIA-1-1200px.jpg\",\"datePublished\":\"2022-06-09T20:43:08+00:00\",\"dateModified\":\"2023-06-07T15:36:46+00:00\",\"description\":\"Conchas de Amamenta\u00e7\u00e3o P\u00f3s-parto Lolly Kinddy: Kit 2 unidades. Base macia, v\u00e1lvula de ventila\u00e7\u00e3o para cicatriza\u00e7\u00e3o. Auxiliam na forma\u00e7\u00e3o do bico, protegem contra rachaduras e vazamentos. Indicadas para bicos curtos, planos ou invertidos. Uso a partir da 35\u00aa semana de gesta\u00e7\u00e3o.\",\"breadcrumb\":{\"@id\":\"https:\/\/lolly.com.br\/kinddy\/produto\/concha-amamentacao-pos-parto-2un\/#breadcrumb\"},\"inLanguage\":\"pt-BR\",\"potentialAction\":[{\"@type\":\"ReadAction\",\"target\":[\"https:\/\/lolly.com.br\/kinddy\/produto\/concha-amamentacao-pos-parto-2un\/\"]}]},{\"@type\":\"ImageObject\",\"inLanguage\":\"pt-BR\",\"@id\":\"https:\/\/lolly.com.br\/kinddy\/produto\/concha-amamentacao-pos-parto-2un\/#primaryimage\",\"url\":\"https:\/\/lolly.com.br\/kinddy\/wp-content\/uploads\/2022\/06\/7221-01CONCHA-AMAMENTACAO-MACIA-1-1200px.jpg\",\"contentUrl\":\"https:\/\/lolly.com.br\/kinddy\/wp-content\/uploads\/2022\/06\/7221-01CONCHA-AMAMENTACAO-MACIA-1-1200px.jpg\",\"width\":1200,\"height\":1002},{\"@type\":\"BreadcrumbList\",\"@id\":\"https:\/\/lolly.com.br\/kinddy\/produto\/concha-amamentacao-pos-parto-2un\/#breadcrumb\",\"itemListElement\":[{\"@type\":\"ListItem\",\"position\":1,\"name\":\"In\u00edcio\",\"item\":\"https:\/\/lolly.com.br\/kinddy\/\"},{\"@type\":\"ListItem\",\"position\":2,\"name\":\"Produtos\",\"item\":\"https:\/\/lolly.com.br\/kinddy\/produtos\/\"},{\"@type\":\"ListItem\",\"position\":3,\"name\":\"Concha Amamenta\u00e7\u00e3o P\u00f3s-parto (2un)\"}]},{\"@type\":\"WebSite\",\"@id\":\"https:\/\/lolly.com.br\/kinddy\/#website\",\"url\":\"https:\/\/lolly.com.br\/kinddy\/\",\"name\":\"Lolly Kinddy\",\"description\":\"\",\"potentialAction\":[{\"@type\":\"SearchAction\",\"target\":{\"@type\":\"EntryPoint\",\"urlTemplate\":\"https:\/\/lolly.com.br\/kinddy\/?s={search_term_string}\"},\"query-input\":{\"@type\":\"PropertyValueSpecification\",\"valueRequired\":true,\"valueName\":\"search_term_string\"}}],\"inLanguage\":\"pt-BR\"}]}<\/script>\n<!-- \/ Yoast SEO plugin. -->","yoast_head_json":{"title":"Concha Amamenta\u00e7\u00e3o P\u00f3s-parto (2un) - Lolly Kinddy","description":"Conchas de Amamenta\u00e7\u00e3o P\u00f3s-parto Lolly Kinddy: Kit 2 unidades. Base macia, v\u00e1lvula de ventila\u00e7\u00e3o para cicatriza\u00e7\u00e3o. Auxiliam na forma\u00e7\u00e3o do bico, protegem contra rachaduras e vazamentos. Indicadas para bicos curtos, planos ou invertidos. Uso a partir da 35\u00aa semana de gesta\u00e7\u00e3o.","robots":{"index":"index","follow":"follow","max-snippet":"max-snippet:-1","max-image-preview":"max-image-preview:large","max-video-preview":"max-video-preview:-1"},"canonical":"https:\/\/lolly.com.br\/kinddy\/produto\/concha-amamentacao-pos-parto-2un\/","og_locale":"pt_BR","og_type":"article","og_title":"Concha Amamenta\u00e7\u00e3o P\u00f3s-parto (2un) - Lolly Kinddy","og_description":"Conchas de Amamenta\u00e7\u00e3o P\u00f3s-parto Lolly Kinddy: Kit 2 unidades. Base macia, v\u00e1lvula de ventila\u00e7\u00e3o para cicatriza\u00e7\u00e3o. Auxiliam na forma\u00e7\u00e3o do bico, protegem contra rachaduras e vazamentos. Indicadas para bicos curtos, planos ou invertidos. Uso a partir da 35\u00aa semana de gesta\u00e7\u00e3o.","og_url":"https:\/\/lolly.com.br\/kinddy\/produto\/concha-amamentacao-pos-parto-2un\/","og_site_name":"Lolly Kinddy","article_modified_time":"2023-06-07T15:36:46+00:00","og_image":[{"width":1200,"height":1002,"url":"https:\/\/lolly.com.br\/kinddy\/wp-content\/uploads\/2022\/06\/7221-01CONCHA-AMAMENTACAO-MACIA-1-1200px.jpg","type":"image\/jpeg"}],"twitter_card":"summary_large_image","twitter_misc":{"Est. tempo de leitura":"1 minuto"},"schema":{"@context":"https:\/\/schema.org","@graph":[{"@type":"WebPage","@id":"https:\/\/lolly.com.br\/kinddy\/produto\/concha-amamentacao-pos-parto-2un\/","url":"https:\/\/lolly.com.br\/kinddy\/produto\/concha-amamentacao-pos-parto-2un\/","name":"Concha Amamenta\u00e7\u00e3o P\u00f3s-parto (2un) - Lolly Kinddy","isPartOf":{"@id":"https:\/\/lolly.com.br\/kinddy\/#website"},"primaryImageOfPage":{"@id":"https:\/\/lolly.com.br\/kinddy\/produto\/concha-amamentacao-pos-parto-2un\/#primaryimage"},"image":{"@id":"https:\/\/lolly.com.br\/kinddy\/produto\/concha-amamentacao-pos-parto-2un\/#primaryimage"},"thumbnailUrl":"https:\/\/lolly.com.br\/kinddy\/wp-content\/uploads\/2022\/06\/7221-01CONCHA-AMAMENTACAO-MACIA-1-1200px.jpg","datePublished":"2022-06-09T20:43:08+00:00","dateModified":"2023-06-07T15:36:46+00:00","description":"Conchas de Amamenta\u00e7\u00e3o P\u00f3s-parto Lolly Kinddy: Kit 2 unidades. Base macia, v\u00e1lvula de ventila\u00e7\u00e3o para cicatriza\u00e7\u00e3o. Auxiliam na forma\u00e7\u00e3o do bico, protegem contra rachaduras e vazamentos. Indicadas para bicos curtos, planos ou invertidos. Uso a partir da 35\u00aa semana de gesta\u00e7\u00e3o.","breadcrumb":{"@id":"https:\/\/lolly.com.br\/kinddy\/produto\/concha-amamentacao-pos-parto-2un\/#breadcrumb"},"inLanguage":"pt-BR","potentialAction":[{"@type":"ReadAction","target":["https:\/\/lolly.com.br\/kinddy\/produto\/concha-amamentacao-pos-parto-2un\/"]}]},{"@type":"ImageObject","inLanguage":"pt-BR","@id":"https:\/\/lolly.com.br\/kinddy\/produto\/concha-amamentacao-pos-parto-2un\/#primaryimage","url":"https:\/\/lolly.com.br\/kinddy\/wp-content\/uploads\/2022\/06\/7221-01CONCHA-AMAMENTACAO-MACIA-1-1200px.jpg","contentUrl":"https:\/\/lolly.com.br\/kinddy\/wp-content\/uploads\/2022\/06\/7221-01CONCHA-AMAMENTACAO-MACIA-1-1200px.jpg","width":1200,"height":1002},{"@type":"BreadcrumbList","@id":"https:\/\/lolly.com.br\/kinddy\/produto\/concha-amamentacao-pos-parto-2un\/#breadcrumb","itemListElement":[{"@type":"ListItem","position":1,"name":"In\u00edcio","item":"https:\/\/lolly.com.br\/kinddy\/"},{"@type":"ListItem","position":2,"name":"Produtos","item":"https:\/\/lolly.com.br\/kinddy\/produtos\/"},{"@type":"ListItem","position":3,"name":"Concha Amamenta\u00e7\u00e3o P\u00f3s-parto (2un)"}]},{"@type":"WebSite","@id":"https:\/\/lolly.com.br\/kinddy\/#website","url":"https:\/\/lolly.com.br\/kinddy\/","name":"Lolly Kinddy","description":"","potentialAction":[{"@type":"SearchAction","target":{"@type":"EntryPoint","urlTemplate":"https:\/\/lolly.com.br\/kinddy\/?s={search_term_string}"},"query-input":{"@type":"PropertyValueSpecification","valueRequired":true,"valueName":"search_term_string"}}],"inLanguage":"pt-BR"}]}},"_links":{"self":[{"href":"https:\/\/lolly.com.br\/kinddy\/wp-json\/wp\/v2\/product\/8774","targetHints":{"allow":["GET"]}}],"collection":[{"href":"https:\/\/lolly.com.br\/kinddy\/wp-json\/wp\/v2\/product"}],"about":[{"href":"https:\/\/lolly.com.br\/kinddy\/wp-json\/wp\/v2\/types\/product"}],"replies":[{"embeddable":true,"href":"https:\/\/lolly.com.br\/kinddy\/wp-json\/wp\/v2\/comments?post=8774"}],"version-history":[{"count":4,"href":"https:\/\/lolly.com.br\/kinddy\/wp-json\/wp\/v2\/product\/8774\/revisions"}],"predecessor-version":[{"id":9895,"href":"https:\/\/lolly.com.br\/kinddy\/wp-json\/wp\/v2\/product\/8774\/revisions\/9895"}],"wp:featuredmedia":[{"embeddable":true,"href":"https:\/\/lolly.com.br\/kinddy\/wp-json\/wp\/v2\/media\/9887"}],"wp:attachment":[{"href":"https:\/\/lolly.com.br\/kinddy\/wp-json\/wp\/v2\/media?parent=8774"}],"wp:term":[{"taxonomy":"product_cat","embeddable":true,"href":"https:\/\/lolly.com.br\/kinddy\/wp-json\/wp\/v2\/product_cat?post=8774"},{"taxonomy":"product_tag","embeddable":true,"href":"https:\/\/lolly.com.br\/kinddy\/wp-json\/wp\/v2\/product_tag?post=8774"}],"curies":[{"name":"wp","href":"https:\/\/api.w.org\/{rel}","templated":true}]}}