{"id":8759,"date":"2022-06-09T17:43:08","date_gmt":"2022-06-09T20:43:08","guid":{"rendered":"https:\/\/lolly.com.br\/kinddy\/produto\/copo-star-250ml\/"},"modified":"2023-06-07T14:31:39","modified_gmt":"2023-06-07T17:31:39","slug":"copo-star-250ml","status":"publish","type":"product","link":"https:\/\/lolly.com.br\/kinddy\/produto\/copo-star-250ml\/","title":{"rendered":"Copo Star &#8211; Brilha no escuro"},"content":{"rendered":"<p>Copo de transi\u00e7\u00e3o, com bico antic\u00f3lica e antivazamento. Al\u00e7a anat\u00f4mica que facilita a pega e evita quedas, <strong>brilha muito no escuro<\/strong>.<\/p>\n<p>Indicado para beb\u00eas \u00e0 partir de 6 meses, auxilia na transi\u00e7\u00e3o da mamadeira para o copo. Possui capuz protetor de bico.<\/p>\n<p>Decora\u00e7\u00e3o moderna Star (estrelas), feito de materiais resistentes e at\u00f3xicos em tr\u00eas op\u00e7\u00f5es de cores.<\/p>\n<p>Assista nosso v\u00eddeo no <a href=\"https:\/\/youtu.be\/d0OcDUZw63w\" target=\"_blank\" rel=\"noopener\">Youtube<\/a>:<\/p>\n<p><iframe loading=\"lazy\" title=\"Copo antivazamento com al\u00e7as que brilham no escuro\" width=\"1200\" height=\"675\" src=\"https:\/\/www.youtube.com\/embed\/d0OcDUZw63w?feature=oembed\" frameborder=\"0\" allow=\"accelerometer; autoplay; clipboard-write; encrypted-media; gyroscope; picture-in-picture; web-share\" allowfullscreen><\/iframe><\/p>\n<p>&nbsp;<\/p>\n","protected":false},"excerpt":{"rendered":"<p>Copo de transi\u00e7\u00e3o Star: Bico antic\u00f3lica e antivazamento. Al\u00e7a anat\u00f4mica, brilha muito no escuro. Indicado para beb\u00eas a partir de 6 meses. Auxilia na transi\u00e7\u00e3o da mamadeira para o copo. Capuz protetor de bico. Decora\u00e7\u00e3o moderna Star (estrelas). Materiais resistentes e at\u00f3xicos.<\/p>\n","protected":false},"featured_media":9900,"comment_status":"open","ping_status":"closed","template":"","meta":[],"product_cat":[232],"product_tag":[386,388,384,385,387,383,392,395,393,394,390,391,389],"class_list":{"0":"post-8759","1":"product","2":"type-product","3":"status-publish","4":"has-post-thumbnail","6":"product_cat-alimentacao","7":"product_tag-alca-anatomica","8":"product_tag-bebes-a-partir-de-6-meses","9":"product_tag-bico-anticolica","10":"product_tag-bico-antivazamento","11":"product_tag-brilha-no-escuro","12":"product_tag-copo-de-transicao","13":"product_tag-copo-para-6-meses","14":"product_tag-copo-que-brilha-muito-no-escuro","15":"product_tag-copo-que-brilha-no-escuro","16":"product_tag-copo-que-mais-brilha-no-escuro","17":"product_tag-melhor-copo-com-bico","18":"product_tag-melhor-copo-para-bebes-de-6-meses","19":"product_tag-transicao-da-mamadeira-para-o-copo","20":"pa_idade-6-meses","21":"description-off","23":"first","24":"instock","25":"shipping-taxable","26":"product-type-simple"},"yoast_head":"<!-- This site is optimized with the Yoast SEO plugin v23.7 - https:\/\/yoast.com\/wordpress\/plugins\/seo\/ -->\n<title>Copo Star - Brilha no escuro - Lolly Kinddy<\/title>\n<meta name=\"description\" content=\"Copo de transi\u00e7\u00e3o Star: Bico antic\u00f3lica e antivazamento. Brilha no escuro. Indicado para beb\u00eas a partir de 6 meses. Auxilia na transi\u00e7\u00e3o da mamadeira para o copo. Decora\u00e7\u00e3o moderna Star (estrelas). Materiais resistentes e at\u00f3xicos.\" \/>\n<meta name=\"robots\" content=\"index, follow, max-snippet:-1, max-image-preview:large, max-video-preview:-1\" \/>\n<link rel=\"canonical\" href=\"https:\/\/lolly.com.br\/kinddy\/produto\/copo-star-250ml\/\" \/>\n<meta property=\"og:locale\" content=\"pt_BR\" \/>\n<meta property=\"og:type\" content=\"article\" \/>\n<meta property=\"og:title\" content=\"Copo Star - Brilha no escuro - Lolly Kinddy\" \/>\n<meta property=\"og:description\" content=\"Copo de transi\u00e7\u00e3o Star: Bico antic\u00f3lica e antivazamento. Brilha no escuro. Indicado para beb\u00eas a partir de 6 meses. Auxilia na transi\u00e7\u00e3o da mamadeira para o copo. Decora\u00e7\u00e3o moderna Star (estrelas). Materiais resistentes e at\u00f3xicos.\" \/>\n<meta property=\"og:url\" content=\"https:\/\/lolly.com.br\/kinddy\/produto\/copo-star-250ml\/\" \/>\n<meta property=\"og:site_name\" content=\"Lolly Kinddy\" \/>\n<meta property=\"article:modified_time\" content=\"2023-06-07T17:31:39+00:00\" \/>\n<meta property=\"og:image\" content=\"https:\/\/lolly.com.br\/kinddy\/wp-content\/uploads\/2022\/06\/7197-00-M-1200px-3.jpg\" \/>\n\t<meta property=\"og:image:width\" content=\"1200\" \/>\n\t<meta property=\"og:image:height\" content=\"1200\" \/>\n\t<meta property=\"og:image:type\" content=\"image\/jpeg\" \/>\n<meta name=\"twitter:card\" content=\"summary_large_image\" \/>\n<meta name=\"twitter:label1\" content=\"Est. tempo de leitura\" \/>\n\t<meta name=\"twitter:data1\" content=\"1 minuto\" \/>\n<script type=\"application\/ld+json\" class=\"yoast-schema-graph\">{\"@context\":\"https:\/\/schema.org\",\"@graph\":[{\"@type\":\"WebPage\",\"@id\":\"https:\/\/lolly.com.br\/kinddy\/produto\/copo-star-250ml\/\",\"url\":\"https:\/\/lolly.com.br\/kinddy\/produto\/copo-star-250ml\/\",\"name\":\"Copo Star - Brilha no escuro - Lolly Kinddy\",\"isPartOf\":{\"@id\":\"https:\/\/lolly.com.br\/kinddy\/#website\"},\"primaryImageOfPage\":{\"@id\":\"https:\/\/lolly.com.br\/kinddy\/produto\/copo-star-250ml\/#primaryimage\"},\"image\":{\"@id\":\"https:\/\/lolly.com.br\/kinddy\/produto\/copo-star-250ml\/#primaryimage\"},\"thumbnailUrl\":\"https:\/\/lolly.com.br\/kinddy\/wp-content\/uploads\/2022\/06\/7197-00-M-1200px-3.jpg\",\"datePublished\":\"2022-06-09T20:43:08+00:00\",\"dateModified\":\"2023-06-07T17:31:39+00:00\",\"description\":\"Copo de transi\u00e7\u00e3o Star: Bico antic\u00f3lica e antivazamento. Brilha no escuro. Indicado para beb\u00eas a partir de 6 meses. Auxilia na transi\u00e7\u00e3o da mamadeira para o copo. Decora\u00e7\u00e3o moderna Star (estrelas). Materiais resistentes e at\u00f3xicos.\",\"breadcrumb\":{\"@id\":\"https:\/\/lolly.com.br\/kinddy\/produto\/copo-star-250ml\/#breadcrumb\"},\"inLanguage\":\"pt-BR\",\"potentialAction\":[{\"@type\":\"ReadAction\",\"target\":[\"https:\/\/lolly.com.br\/kinddy\/produto\/copo-star-250ml\/\"]}]},{\"@type\":\"ImageObject\",\"inLanguage\":\"pt-BR\",\"@id\":\"https:\/\/lolly.com.br\/kinddy\/produto\/copo-star-250ml\/#primaryimage\",\"url\":\"https:\/\/lolly.com.br\/kinddy\/wp-content\/uploads\/2022\/06\/7197-00-M-1200px-3.jpg\",\"contentUrl\":\"https:\/\/lolly.com.br\/kinddy\/wp-content\/uploads\/2022\/06\/7197-00-M-1200px-3.jpg\",\"width\":1200,\"height\":1200},{\"@type\":\"BreadcrumbList\",\"@id\":\"https:\/\/lolly.com.br\/kinddy\/produto\/copo-star-250ml\/#breadcrumb\",\"itemListElement\":[{\"@type\":\"ListItem\",\"position\":1,\"name\":\"In\u00edcio\",\"item\":\"https:\/\/lolly.com.br\/kinddy\/\"},{\"@type\":\"ListItem\",\"position\":2,\"name\":\"Produtos\",\"item\":\"https:\/\/lolly.com.br\/kinddy\/produtos\/\"},{\"@type\":\"ListItem\",\"position\":3,\"name\":\"Copo Star &#8211; Brilha no escuro\"}]},{\"@type\":\"WebSite\",\"@id\":\"https:\/\/lolly.com.br\/kinddy\/#website\",\"url\":\"https:\/\/lolly.com.br\/kinddy\/\",\"name\":\"Lolly Kinddy\",\"description\":\"\",\"potentialAction\":[{\"@type\":\"SearchAction\",\"target\":{\"@type\":\"EntryPoint\",\"urlTemplate\":\"https:\/\/lolly.com.br\/kinddy\/?s={search_term_string}\"},\"query-input\":{\"@type\":\"PropertyValueSpecification\",\"valueRequired\":true,\"valueName\":\"search_term_string\"}}],\"inLanguage\":\"pt-BR\"}]}<\/script>\n<!-- \/ Yoast SEO plugin. -->","yoast_head_json":{"title":"Copo Star - Brilha no escuro - Lolly Kinddy","description":"Copo de transi\u00e7\u00e3o Star: Bico antic\u00f3lica e antivazamento. Brilha no escuro. Indicado para beb\u00eas a partir de 6 meses. Auxilia na transi\u00e7\u00e3o da mamadeira para o copo. Decora\u00e7\u00e3o moderna Star (estrelas). Materiais resistentes e at\u00f3xicos.","robots":{"index":"index","follow":"follow","max-snippet":"max-snippet:-1","max-image-preview":"max-image-preview:large","max-video-preview":"max-video-preview:-1"},"canonical":"https:\/\/lolly.com.br\/kinddy\/produto\/copo-star-250ml\/","og_locale":"pt_BR","og_type":"article","og_title":"Copo Star - Brilha no escuro - Lolly Kinddy","og_description":"Copo de transi\u00e7\u00e3o Star: Bico antic\u00f3lica e antivazamento. Brilha no escuro. Indicado para beb\u00eas a partir de 6 meses. Auxilia na transi\u00e7\u00e3o da mamadeira para o copo. Decora\u00e7\u00e3o moderna Star (estrelas). Materiais resistentes e at\u00f3xicos.","og_url":"https:\/\/lolly.com.br\/kinddy\/produto\/copo-star-250ml\/","og_site_name":"Lolly Kinddy","article_modified_time":"2023-06-07T17:31:39+00:00","og_image":[{"width":1200,"height":1200,"url":"https:\/\/lolly.com.br\/kinddy\/wp-content\/uploads\/2022\/06\/7197-00-M-1200px-3.jpg","type":"image\/jpeg"}],"twitter_card":"summary_large_image","twitter_misc":{"Est. tempo de leitura":"1 minuto"},"schema":{"@context":"https:\/\/schema.org","@graph":[{"@type":"WebPage","@id":"https:\/\/lolly.com.br\/kinddy\/produto\/copo-star-250ml\/","url":"https:\/\/lolly.com.br\/kinddy\/produto\/copo-star-250ml\/","name":"Copo Star - Brilha no escuro - Lolly Kinddy","isPartOf":{"@id":"https:\/\/lolly.com.br\/kinddy\/#website"},"primaryImageOfPage":{"@id":"https:\/\/lolly.com.br\/kinddy\/produto\/copo-star-250ml\/#primaryimage"},"image":{"@id":"https:\/\/lolly.com.br\/kinddy\/produto\/copo-star-250ml\/#primaryimage"},"thumbnailUrl":"https:\/\/lolly.com.br\/kinddy\/wp-content\/uploads\/2022\/06\/7197-00-M-1200px-3.jpg","datePublished":"2022-06-09T20:43:08+00:00","dateModified":"2023-06-07T17:31:39+00:00","description":"Copo de transi\u00e7\u00e3o Star: Bico antic\u00f3lica e antivazamento. Brilha no escuro. Indicado para beb\u00eas a partir de 6 meses. Auxilia na transi\u00e7\u00e3o da mamadeira para o copo. Decora\u00e7\u00e3o moderna Star (estrelas). Materiais resistentes e at\u00f3xicos.","breadcrumb":{"@id":"https:\/\/lolly.com.br\/kinddy\/produto\/copo-star-250ml\/#breadcrumb"},"inLanguage":"pt-BR","potentialAction":[{"@type":"ReadAction","target":["https:\/\/lolly.com.br\/kinddy\/produto\/copo-star-250ml\/"]}]},{"@type":"ImageObject","inLanguage":"pt-BR","@id":"https:\/\/lolly.com.br\/kinddy\/produto\/copo-star-250ml\/#primaryimage","url":"https:\/\/lolly.com.br\/kinddy\/wp-content\/uploads\/2022\/06\/7197-00-M-1200px-3.jpg","contentUrl":"https:\/\/lolly.com.br\/kinddy\/wp-content\/uploads\/2022\/06\/7197-00-M-1200px-3.jpg","width":1200,"height":1200},{"@type":"BreadcrumbList","@id":"https:\/\/lolly.com.br\/kinddy\/produto\/copo-star-250ml\/#breadcrumb","itemListElement":[{"@type":"ListItem","position":1,"name":"In\u00edcio","item":"https:\/\/lolly.com.br\/kinddy\/"},{"@type":"ListItem","position":2,"name":"Produtos","item":"https:\/\/lolly.com.br\/kinddy\/produtos\/"},{"@type":"ListItem","position":3,"name":"Copo Star &#8211; Brilha no escuro"}]},{"@type":"WebSite","@id":"https:\/\/lolly.com.br\/kinddy\/#website","url":"https:\/\/lolly.com.br\/kinddy\/","name":"Lolly Kinddy","description":"","potentialAction":[{"@type":"SearchAction","target":{"@type":"EntryPoint","urlTemplate":"https:\/\/lolly.com.br\/kinddy\/?s={search_term_string}"},"query-input":{"@type":"PropertyValueSpecification","valueRequired":true,"valueName":"search_term_string"}}],"inLanguage":"pt-BR"}]}},"_links":{"self":[{"href":"https:\/\/lolly.com.br\/kinddy\/wp-json\/wp\/v2\/product\/8759","targetHints":{"allow":["GET"]}}],"collection":[{"href":"https:\/\/lolly.com.br\/kinddy\/wp-json\/wp\/v2\/product"}],"about":[{"href":"https:\/\/lolly.com.br\/kinddy\/wp-json\/wp\/v2\/types\/product"}],"replies":[{"embeddable":true,"href":"https:\/\/lolly.com.br\/kinddy\/wp-json\/wp\/v2\/comments?post=8759"}],"version-history":[{"count":2,"href":"https:\/\/lolly.com.br\/kinddy\/wp-json\/wp\/v2\/product\/8759\/revisions"}],"predecessor-version":[{"id":9907,"href":"https:\/\/lolly.com.br\/kinddy\/wp-json\/wp\/v2\/product\/8759\/revisions\/9907"}],"wp:featuredmedia":[{"embeddable":true,"href":"https:\/\/lolly.com.br\/kinddy\/wp-json\/wp\/v2\/media\/9900"}],"wp:attachment":[{"href":"https:\/\/lolly.com.br\/kinddy\/wp-json\/wp\/v2\/media?parent=8759"}],"wp:term":[{"taxonomy":"product_cat","embeddable":true,"href":"https:\/\/lolly.com.br\/kinddy\/wp-json\/wp\/v2\/product_cat?post=8759"},{"taxonomy":"product_tag","embeddable":true,"href":"https:\/\/lolly.com.br\/kinddy\/wp-json\/wp\/v2\/product_tag?post=8759"}],"curies":[{"name":"wp","href":"https:\/\/api.w.org\/{rel}","templated":true}]}}