{"id":11342,"date":"2026-01-21T14:40:37","date_gmt":"2026-01-21T17:40:37","guid":{"rendered":"https:\/\/lolly.com.br\/kinddy\/?post_type=product&#038;p=11342"},"modified":"2026-01-21T16:52:01","modified_gmt":"2026-01-21T19:52:01","slug":"saco-para-armazenar-leite-materno","status":"publish","type":"product","link":"https:\/\/lolly.com.br\/kinddy\/produto\/saco-para-armazenar-leite-materno\/","title":{"rendered":"Saco para Armazenar Leite Materno"},"content":{"rendered":"<p data-start=\"0\" data-end=\"314\">O <strong data-start=\"2\" data-end=\"52\">Saco para Armazenar Leite Materno Lolly Kinddy<\/strong> foi desenvolvido para garantir <strong data-start=\"84\" data-end=\"133\">seguran\u00e7a, praticidade e conserva\u00e7\u00e3o adequada<\/strong> do leite materno. Possui <strong data-start=\"159\" data-end=\"194\">fecho refor\u00e7ado com z\u00edper duplo<\/strong>, que evita vazamentos e o contato com odores do freezer ou geladeira, al\u00e9m de <strong data-start=\"273\" data-end=\"311\">fechamento seguro por toda a borda<\/strong>.<\/p>\n<p data-start=\"316\" data-end=\"595\">\u00c9 <strong data-start=\"318\" data-end=\"338\">pr\u00e9-esterilizado<\/strong>, <strong data-start=\"340\" data-end=\"382\">sem BPA, sem ftalatos e sem bisfenol A<\/strong>, com <strong data-start=\"388\" data-end=\"412\">capacidade de 200 ml<\/strong> e <strong data-start=\"415\" data-end=\"455\">espa\u00e7o para anotar nome, data e hora<\/strong>. Seu design permite <strong data-start=\"476\" data-end=\"514\">armazenamento compacto e otimizado<\/strong>, podendo ser levado ao <strong data-start=\"538\" data-end=\"562\">freezer ou geladeira<\/strong> e aquecido em <strong data-start=\"577\" data-end=\"592\">banho-maria<\/strong>.<\/p>\n<p data-start=\"597\" data-end=\"657\" data-is-last-node=\"\" data-is-only-node=\"\">Embalagem com <strong data-start=\"611\" data-end=\"626\">25 unidades<\/strong>, segura, resistente e dur\u00e1vel.<\/p>\n","protected":false},"excerpt":{"rendered":"<p>O Saco para Armazenar Leite Materno Lolly Kinddy foi desenvolvido para garantir seguran\u00e7a, praticidade e conserva\u00e7\u00e3o adequada do leite materno. Possui fecho refor\u00e7ado com z\u00edper duplo, que evita vazamentos e o contato com odores do freezer ou geladeira, al\u00e9m de fechamento seguro por toda a borda. \u00c9 pr\u00e9-esterilizado, sem BPA, sem ftalatos e sem bisfenol&hellip;<\/p>\n","protected":false},"featured_media":11344,"comment_status":"open","ping_status":"closed","template":"","meta":[],"product_cat":[235],"product_tag":[],"class_list":{"0":"post-11342","1":"product","2":"type-product","3":"status-publish","4":"has-post-thumbnail","6":"product_cat-amamentacao","7":"description-off","9":"first","10":"instock","11":"shipping-taxable","12":"product-type-simple"},"yoast_head":"<!-- This site is optimized with the Yoast SEO plugin v23.7 - https:\/\/yoast.com\/wordpress\/plugins\/seo\/ -->\n<title>Saco para Armazenar Leite Materno - Lolly Kinddy<\/title>\n<meta name=\"robots\" content=\"index, follow, max-snippet:-1, max-image-preview:large, max-video-preview:-1\" \/>\n<link rel=\"canonical\" href=\"https:\/\/lolly.com.br\/kinddy\/produto\/saco-para-armazenar-leite-materno\/\" \/>\n<meta property=\"og:locale\" content=\"pt_BR\" \/>\n<meta property=\"og:type\" content=\"article\" \/>\n<meta property=\"og:title\" content=\"Saco para Armazenar Leite Materno - Lolly Kinddy\" \/>\n<meta property=\"og:description\" content=\"O Saco para Armazenar Leite Materno Lolly Kinddy foi desenvolvido para garantir seguran\u00e7a, praticidade e conserva\u00e7\u00e3o adequada do leite materno. Possui fecho refor\u00e7ado com z\u00edper duplo, que evita vazamentos e o contato com odores do freezer ou geladeira, al\u00e9m de fechamento seguro por toda a borda. \u00c9 pr\u00e9-esterilizado, sem BPA, sem ftalatos e sem bisfenol&hellip;\" \/>\n<meta property=\"og:url\" content=\"https:\/\/lolly.com.br\/kinddy\/produto\/saco-para-armazenar-leite-materno\/\" \/>\n<meta property=\"og:site_name\" content=\"Lolly Kinddy\" \/>\n<meta property=\"article:modified_time\" content=\"2026-01-21T19:52:01+00:00\" \/>\n<meta property=\"og:image\" content=\"https:\/\/lolly.com.br\/kinddy\/wp-content\/uploads\/2026\/01\/7337-01_SACO-LEITE-MATERNO_7896699037419-2-1.png\" \/>\n\t<meta property=\"og:image:width\" content=\"1178\" \/>\n\t<meta property=\"og:image:height\" content=\"1536\" \/>\n\t<meta property=\"og:image:type\" content=\"image\/png\" \/>\n<meta name=\"twitter:card\" content=\"summary_large_image\" \/>\n<meta name=\"twitter:label1\" content=\"Est. tempo de leitura\" \/>\n\t<meta name=\"twitter:data1\" content=\"1 minuto\" \/>\n<script type=\"application\/ld+json\" class=\"yoast-schema-graph\">{\"@context\":\"https:\/\/schema.org\",\"@graph\":[{\"@type\":\"WebPage\",\"@id\":\"https:\/\/lolly.com.br\/kinddy\/produto\/saco-para-armazenar-leite-materno\/\",\"url\":\"https:\/\/lolly.com.br\/kinddy\/produto\/saco-para-armazenar-leite-materno\/\",\"name\":\"Saco para Armazenar Leite Materno - Lolly Kinddy\",\"isPartOf\":{\"@id\":\"https:\/\/lolly.com.br\/kinddy\/#website\"},\"primaryImageOfPage\":{\"@id\":\"https:\/\/lolly.com.br\/kinddy\/produto\/saco-para-armazenar-leite-materno\/#primaryimage\"},\"image\":{\"@id\":\"https:\/\/lolly.com.br\/kinddy\/produto\/saco-para-armazenar-leite-materno\/#primaryimage\"},\"thumbnailUrl\":\"https:\/\/lolly.com.br\/kinddy\/wp-content\/uploads\/2026\/01\/7337-01_SACO-LEITE-MATERNO_7896699037419-2-1.png\",\"datePublished\":\"2026-01-21T17:40:37+00:00\",\"dateModified\":\"2026-01-21T19:52:01+00:00\",\"breadcrumb\":{\"@id\":\"https:\/\/lolly.com.br\/kinddy\/produto\/saco-para-armazenar-leite-materno\/#breadcrumb\"},\"inLanguage\":\"pt-BR\",\"potentialAction\":[{\"@type\":\"ReadAction\",\"target\":[\"https:\/\/lolly.com.br\/kinddy\/produto\/saco-para-armazenar-leite-materno\/\"]}]},{\"@type\":\"ImageObject\",\"inLanguage\":\"pt-BR\",\"@id\":\"https:\/\/lolly.com.br\/kinddy\/produto\/saco-para-armazenar-leite-materno\/#primaryimage\",\"url\":\"https:\/\/lolly.com.br\/kinddy\/wp-content\/uploads\/2026\/01\/7337-01_SACO-LEITE-MATERNO_7896699037419-2-1.png\",\"contentUrl\":\"https:\/\/lolly.com.br\/kinddy\/wp-content\/uploads\/2026\/01\/7337-01_SACO-LEITE-MATERNO_7896699037419-2-1.png\",\"width\":1178,\"height\":1536},{\"@type\":\"BreadcrumbList\",\"@id\":\"https:\/\/lolly.com.br\/kinddy\/produto\/saco-para-armazenar-leite-materno\/#breadcrumb\",\"itemListElement\":[{\"@type\":\"ListItem\",\"position\":1,\"name\":\"In\u00edcio\",\"item\":\"https:\/\/lolly.com.br\/kinddy\/\"},{\"@type\":\"ListItem\",\"position\":2,\"name\":\"Produtos\",\"item\":\"https:\/\/lolly.com.br\/kinddy\/produtos\/\"},{\"@type\":\"ListItem\",\"position\":3,\"name\":\"Saco para Armazenar Leite Materno\"}]},{\"@type\":\"WebSite\",\"@id\":\"https:\/\/lolly.com.br\/kinddy\/#website\",\"url\":\"https:\/\/lolly.com.br\/kinddy\/\",\"name\":\"Lolly Kinddy\",\"description\":\"\",\"potentialAction\":[{\"@type\":\"SearchAction\",\"target\":{\"@type\":\"EntryPoint\",\"urlTemplate\":\"https:\/\/lolly.com.br\/kinddy\/?s={search_term_string}\"},\"query-input\":{\"@type\":\"PropertyValueSpecification\",\"valueRequired\":true,\"valueName\":\"search_term_string\"}}],\"inLanguage\":\"pt-BR\"}]}<\/script>\n<!-- \/ Yoast SEO plugin. -->","yoast_head_json":{"title":"Saco para Armazenar Leite Materno - Lolly Kinddy","robots":{"index":"index","follow":"follow","max-snippet":"max-snippet:-1","max-image-preview":"max-image-preview:large","max-video-preview":"max-video-preview:-1"},"canonical":"https:\/\/lolly.com.br\/kinddy\/produto\/saco-para-armazenar-leite-materno\/","og_locale":"pt_BR","og_type":"article","og_title":"Saco para Armazenar Leite Materno - Lolly Kinddy","og_description":"O Saco para Armazenar Leite Materno Lolly Kinddy foi desenvolvido para garantir seguran\u00e7a, praticidade e conserva\u00e7\u00e3o adequada do leite materno. Possui fecho refor\u00e7ado com z\u00edper duplo, que evita vazamentos e o contato com odores do freezer ou geladeira, al\u00e9m de fechamento seguro por toda a borda. \u00c9 pr\u00e9-esterilizado, sem BPA, sem ftalatos e sem bisfenol&hellip;","og_url":"https:\/\/lolly.com.br\/kinddy\/produto\/saco-para-armazenar-leite-materno\/","og_site_name":"Lolly Kinddy","article_modified_time":"2026-01-21T19:52:01+00:00","og_image":[{"width":1178,"height":1536,"url":"https:\/\/lolly.com.br\/kinddy\/wp-content\/uploads\/2026\/01\/7337-01_SACO-LEITE-MATERNO_7896699037419-2-1.png","type":"image\/png"}],"twitter_card":"summary_large_image","twitter_misc":{"Est. tempo de leitura":"1 minuto"},"schema":{"@context":"https:\/\/schema.org","@graph":[{"@type":"WebPage","@id":"https:\/\/lolly.com.br\/kinddy\/produto\/saco-para-armazenar-leite-materno\/","url":"https:\/\/lolly.com.br\/kinddy\/produto\/saco-para-armazenar-leite-materno\/","name":"Saco para Armazenar Leite Materno - Lolly Kinddy","isPartOf":{"@id":"https:\/\/lolly.com.br\/kinddy\/#website"},"primaryImageOfPage":{"@id":"https:\/\/lolly.com.br\/kinddy\/produto\/saco-para-armazenar-leite-materno\/#primaryimage"},"image":{"@id":"https:\/\/lolly.com.br\/kinddy\/produto\/saco-para-armazenar-leite-materno\/#primaryimage"},"thumbnailUrl":"https:\/\/lolly.com.br\/kinddy\/wp-content\/uploads\/2026\/01\/7337-01_SACO-LEITE-MATERNO_7896699037419-2-1.png","datePublished":"2026-01-21T17:40:37+00:00","dateModified":"2026-01-21T19:52:01+00:00","breadcrumb":{"@id":"https:\/\/lolly.com.br\/kinddy\/produto\/saco-para-armazenar-leite-materno\/#breadcrumb"},"inLanguage":"pt-BR","potentialAction":[{"@type":"ReadAction","target":["https:\/\/lolly.com.br\/kinddy\/produto\/saco-para-armazenar-leite-materno\/"]}]},{"@type":"ImageObject","inLanguage":"pt-BR","@id":"https:\/\/lolly.com.br\/kinddy\/produto\/saco-para-armazenar-leite-materno\/#primaryimage","url":"https:\/\/lolly.com.br\/kinddy\/wp-content\/uploads\/2026\/01\/7337-01_SACO-LEITE-MATERNO_7896699037419-2-1.png","contentUrl":"https:\/\/lolly.com.br\/kinddy\/wp-content\/uploads\/2026\/01\/7337-01_SACO-LEITE-MATERNO_7896699037419-2-1.png","width":1178,"height":1536},{"@type":"BreadcrumbList","@id":"https:\/\/lolly.com.br\/kinddy\/produto\/saco-para-armazenar-leite-materno\/#breadcrumb","itemListElement":[{"@type":"ListItem","position":1,"name":"In\u00edcio","item":"https:\/\/lolly.com.br\/kinddy\/"},{"@type":"ListItem","position":2,"name":"Produtos","item":"https:\/\/lolly.com.br\/kinddy\/produtos\/"},{"@type":"ListItem","position":3,"name":"Saco para Armazenar Leite Materno"}]},{"@type":"WebSite","@id":"https:\/\/lolly.com.br\/kinddy\/#website","url":"https:\/\/lolly.com.br\/kinddy\/","name":"Lolly Kinddy","description":"","potentialAction":[{"@type":"SearchAction","target":{"@type":"EntryPoint","urlTemplate":"https:\/\/lolly.com.br\/kinddy\/?s={search_term_string}"},"query-input":{"@type":"PropertyValueSpecification","valueRequired":true,"valueName":"search_term_string"}}],"inLanguage":"pt-BR"}]}},"_links":{"self":[{"href":"https:\/\/lolly.com.br\/kinddy\/wp-json\/wp\/v2\/product\/11342","targetHints":{"allow":["GET"]}}],"collection":[{"href":"https:\/\/lolly.com.br\/kinddy\/wp-json\/wp\/v2\/product"}],"about":[{"href":"https:\/\/lolly.com.br\/kinddy\/wp-json\/wp\/v2\/types\/product"}],"replies":[{"embeddable":true,"href":"https:\/\/lolly.com.br\/kinddy\/wp-json\/wp\/v2\/comments?post=11342"}],"version-history":[{"count":2,"href":"https:\/\/lolly.com.br\/kinddy\/wp-json\/wp\/v2\/product\/11342\/revisions"}],"predecessor-version":[{"id":11348,"href":"https:\/\/lolly.com.br\/kinddy\/wp-json\/wp\/v2\/product\/11342\/revisions\/11348"}],"wp:featuredmedia":[{"embeddable":true,"href":"https:\/\/lolly.com.br\/kinddy\/wp-json\/wp\/v2\/media\/11344"}],"wp:attachment":[{"href":"https:\/\/lolly.com.br\/kinddy\/wp-json\/wp\/v2\/media?parent=11342"}],"wp:term":[{"taxonomy":"product_cat","embeddable":true,"href":"https:\/\/lolly.com.br\/kinddy\/wp-json\/wp\/v2\/product_cat?post=11342"},{"taxonomy":"product_tag","embeddable":true,"href":"https:\/\/lolly.com.br\/kinddy\/wp-json\/wp\/v2\/product_tag?post=11342"}],"curies":[{"name":"wp","href":"https:\/\/api.w.org\/{rel}","templated":true}]}}