{"id":11282,"date":"2025-10-07T17:59:49","date_gmt":"2025-10-07T20:59:49","guid":{"rendered":"https:\/\/lolly.com.br\/kinddy\/?post_type=product&#038;p=11282"},"modified":"2025-10-08T10:27:46","modified_gmt":"2025-10-08T13:27:46","slug":"bolsa-mochila-maternitty-tiffany","status":"publish","type":"product","link":"https:\/\/lolly.com.br\/kinddy\/produto\/bolsa-mochila-maternitty-tiffany\/","title":{"rendered":"Bolsa Mochila Maternitty &#8211; Tiffany"},"content":{"rendered":"<div class=\"elementor-element elementor-element-39d935e elementor-widget elementor-widget-woocommerce-product-content\" data-id=\"39d935e\" data-element_type=\"widget\" data-widget_type=\"woocommerce-product-content.default\">\n<div class=\"elementor-widget-container\">\n<p>Pr\u00e1tica e moderna, a Bolsa Mochila Maternitty &#8211; Tiffany oferece armazenamento inteligente com v\u00e1rios compartimentos. Feita com materiais dur\u00e1veis e resistente \u00e0 \u00e1gua, mant\u00e9m seus itens secos e organizados. Ideal para m\u00e3es que buscam funcionalidade e estilo no dia a dia.<\/p>\n<\/div>\n<\/div>\n<div class=\"elementor-element elementor-element-2176e80 elementor-widget elementor-widget-spacer\" data-id=\"2176e80\" data-element_type=\"widget\" data-widget_type=\"spacer.default\">\n<div class=\"elementor-widget-container\">\n<div class=\"elementor-spacer\"><\/div>\n<\/div>\n<\/div>\n","protected":false},"excerpt":{"rendered":"<p>Pr\u00e1tica e moderna, a Bolsa Mochila Maternitty &#8211; Tiffany oferece armazenamento inteligente com v\u00e1rios compartimentos. Feita com materiais dur\u00e1veis e resistente \u00e0 \u00e1gua, mant\u00e9m seus itens secos e organizados. Ideal para m\u00e3es que buscam funcionalidade e estilo no dia a dia.<\/p>\n","protected":false},"featured_media":11283,"comment_status":"open","ping_status":"closed","template":"","meta":[],"product_cat":[15,226,600],"product_tag":[],"class_list":{"0":"post-11282","1":"product","2":"type-product","3":"status-publish","4":"has-post-thumbnail","6":"product_cat-uncategorized","7":"product_cat-acessorios","8":"product_cat-bolsas","9":"description-off","11":"first","12":"instock","13":"shipping-taxable","14":"product-type-simple"},"yoast_head":"<!-- This site is optimized with the Yoast SEO plugin v23.7 - https:\/\/yoast.com\/wordpress\/plugins\/seo\/ -->\n<title>Bolsa Mochila Maternitty - Tiffany - Lolly Kinddy<\/title>\n<meta name=\"robots\" content=\"index, follow, max-snippet:-1, max-image-preview:large, max-video-preview:-1\" \/>\n<link rel=\"canonical\" href=\"https:\/\/lolly.com.br\/kinddy\/produto\/bolsa-mochila-maternitty-tiffany\/\" \/>\n<meta property=\"og:locale\" content=\"pt_BR\" \/>\n<meta property=\"og:type\" content=\"article\" \/>\n<meta property=\"og:title\" content=\"Bolsa Mochila Maternitty - Tiffany - Lolly Kinddy\" \/>\n<meta property=\"og:description\" content=\"Pr\u00e1tica e moderna, a Bolsa Mochila Maternitty &#8211; Tiffany oferece armazenamento inteligente com v\u00e1rios compartimentos. Feita com materiais dur\u00e1veis e resistente \u00e0 \u00e1gua, mant\u00e9m seus itens secos e organizados. Ideal para m\u00e3es que buscam funcionalidade e estilo no dia a dia.\" \/>\n<meta property=\"og:url\" content=\"https:\/\/lolly.com.br\/kinddy\/produto\/bolsa-mochila-maternitty-tiffany\/\" \/>\n<meta property=\"og:site_name\" content=\"Lolly Kinddy\" \/>\n<meta property=\"article:modified_time\" content=\"2025-10-08T13:27:46+00:00\" \/>\n<meta property=\"og:image\" content=\"https:\/\/lolly.com.br\/kinddy\/wp-content\/uploads\/2025\/10\/LL1002_MochilaMaternittySpecial_7896699037280-01-559px.jpg\" \/>\n\t<meta property=\"og:image:width\" content=\"559\" \/>\n\t<meta property=\"og:image:height\" content=\"602\" \/>\n\t<meta property=\"og:image:type\" content=\"image\/jpeg\" \/>\n<meta name=\"twitter:card\" content=\"summary_large_image\" \/>\n<meta name=\"twitter:label1\" content=\"Est. tempo de leitura\" \/>\n\t<meta name=\"twitter:data1\" content=\"1 minuto\" \/>\n<script type=\"application\/ld+json\" class=\"yoast-schema-graph\">{\"@context\":\"https:\/\/schema.org\",\"@graph\":[{\"@type\":\"WebPage\",\"@id\":\"https:\/\/lolly.com.br\/kinddy\/produto\/bolsa-mochila-maternitty-tiffany\/\",\"url\":\"https:\/\/lolly.com.br\/kinddy\/produto\/bolsa-mochila-maternitty-tiffany\/\",\"name\":\"Bolsa Mochila Maternitty - Tiffany - Lolly Kinddy\",\"isPartOf\":{\"@id\":\"https:\/\/lolly.com.br\/kinddy\/#website\"},\"primaryImageOfPage\":{\"@id\":\"https:\/\/lolly.com.br\/kinddy\/produto\/bolsa-mochila-maternitty-tiffany\/#primaryimage\"},\"image\":{\"@id\":\"https:\/\/lolly.com.br\/kinddy\/produto\/bolsa-mochila-maternitty-tiffany\/#primaryimage\"},\"thumbnailUrl\":\"https:\/\/lolly.com.br\/kinddy\/wp-content\/uploads\/2025\/10\/LL1002_MochilaMaternittySpecial_7896699037280-01-559px.jpg\",\"datePublished\":\"2025-10-07T20:59:49+00:00\",\"dateModified\":\"2025-10-08T13:27:46+00:00\",\"breadcrumb\":{\"@id\":\"https:\/\/lolly.com.br\/kinddy\/produto\/bolsa-mochila-maternitty-tiffany\/#breadcrumb\"},\"inLanguage\":\"pt-BR\",\"potentialAction\":[{\"@type\":\"ReadAction\",\"target\":[\"https:\/\/lolly.com.br\/kinddy\/produto\/bolsa-mochila-maternitty-tiffany\/\"]}]},{\"@type\":\"ImageObject\",\"inLanguage\":\"pt-BR\",\"@id\":\"https:\/\/lolly.com.br\/kinddy\/produto\/bolsa-mochila-maternitty-tiffany\/#primaryimage\",\"url\":\"https:\/\/lolly.com.br\/kinddy\/wp-content\/uploads\/2025\/10\/LL1002_MochilaMaternittySpecial_7896699037280-01-559px.jpg\",\"contentUrl\":\"https:\/\/lolly.com.br\/kinddy\/wp-content\/uploads\/2025\/10\/LL1002_MochilaMaternittySpecial_7896699037280-01-559px.jpg\",\"width\":559,\"height\":602},{\"@type\":\"BreadcrumbList\",\"@id\":\"https:\/\/lolly.com.br\/kinddy\/produto\/bolsa-mochila-maternitty-tiffany\/#breadcrumb\",\"itemListElement\":[{\"@type\":\"ListItem\",\"position\":1,\"name\":\"In\u00edcio\",\"item\":\"https:\/\/lolly.com.br\/kinddy\/\"},{\"@type\":\"ListItem\",\"position\":2,\"name\":\"Produtos\",\"item\":\"https:\/\/lolly.com.br\/kinddy\/produtos\/\"},{\"@type\":\"ListItem\",\"position\":3,\"name\":\"Bolsa Mochila Maternitty &#8211; Tiffany\"}]},{\"@type\":\"WebSite\",\"@id\":\"https:\/\/lolly.com.br\/kinddy\/#website\",\"url\":\"https:\/\/lolly.com.br\/kinddy\/\",\"name\":\"Lolly Kinddy\",\"description\":\"\",\"potentialAction\":[{\"@type\":\"SearchAction\",\"target\":{\"@type\":\"EntryPoint\",\"urlTemplate\":\"https:\/\/lolly.com.br\/kinddy\/?s={search_term_string}\"},\"query-input\":{\"@type\":\"PropertyValueSpecification\",\"valueRequired\":true,\"valueName\":\"search_term_string\"}}],\"inLanguage\":\"pt-BR\"}]}<\/script>\n<!-- \/ Yoast SEO plugin. -->","yoast_head_json":{"title":"Bolsa Mochila Maternitty - Tiffany - Lolly Kinddy","robots":{"index":"index","follow":"follow","max-snippet":"max-snippet:-1","max-image-preview":"max-image-preview:large","max-video-preview":"max-video-preview:-1"},"canonical":"https:\/\/lolly.com.br\/kinddy\/produto\/bolsa-mochila-maternitty-tiffany\/","og_locale":"pt_BR","og_type":"article","og_title":"Bolsa Mochila Maternitty - Tiffany - Lolly Kinddy","og_description":"Pr\u00e1tica e moderna, a Bolsa Mochila Maternitty &#8211; Tiffany oferece armazenamento inteligente com v\u00e1rios compartimentos. Feita com materiais dur\u00e1veis e resistente \u00e0 \u00e1gua, mant\u00e9m seus itens secos e organizados. Ideal para m\u00e3es que buscam funcionalidade e estilo no dia a dia.","og_url":"https:\/\/lolly.com.br\/kinddy\/produto\/bolsa-mochila-maternitty-tiffany\/","og_site_name":"Lolly Kinddy","article_modified_time":"2025-10-08T13:27:46+00:00","og_image":[{"width":559,"height":602,"url":"https:\/\/lolly.com.br\/kinddy\/wp-content\/uploads\/2025\/10\/LL1002_MochilaMaternittySpecial_7896699037280-01-559px.jpg","type":"image\/jpeg"}],"twitter_card":"summary_large_image","twitter_misc":{"Est. tempo de leitura":"1 minuto"},"schema":{"@context":"https:\/\/schema.org","@graph":[{"@type":"WebPage","@id":"https:\/\/lolly.com.br\/kinddy\/produto\/bolsa-mochila-maternitty-tiffany\/","url":"https:\/\/lolly.com.br\/kinddy\/produto\/bolsa-mochila-maternitty-tiffany\/","name":"Bolsa Mochila Maternitty - Tiffany - Lolly Kinddy","isPartOf":{"@id":"https:\/\/lolly.com.br\/kinddy\/#website"},"primaryImageOfPage":{"@id":"https:\/\/lolly.com.br\/kinddy\/produto\/bolsa-mochila-maternitty-tiffany\/#primaryimage"},"image":{"@id":"https:\/\/lolly.com.br\/kinddy\/produto\/bolsa-mochila-maternitty-tiffany\/#primaryimage"},"thumbnailUrl":"https:\/\/lolly.com.br\/kinddy\/wp-content\/uploads\/2025\/10\/LL1002_MochilaMaternittySpecial_7896699037280-01-559px.jpg","datePublished":"2025-10-07T20:59:49+00:00","dateModified":"2025-10-08T13:27:46+00:00","breadcrumb":{"@id":"https:\/\/lolly.com.br\/kinddy\/produto\/bolsa-mochila-maternitty-tiffany\/#breadcrumb"},"inLanguage":"pt-BR","potentialAction":[{"@type":"ReadAction","target":["https:\/\/lolly.com.br\/kinddy\/produto\/bolsa-mochila-maternitty-tiffany\/"]}]},{"@type":"ImageObject","inLanguage":"pt-BR","@id":"https:\/\/lolly.com.br\/kinddy\/produto\/bolsa-mochila-maternitty-tiffany\/#primaryimage","url":"https:\/\/lolly.com.br\/kinddy\/wp-content\/uploads\/2025\/10\/LL1002_MochilaMaternittySpecial_7896699037280-01-559px.jpg","contentUrl":"https:\/\/lolly.com.br\/kinddy\/wp-content\/uploads\/2025\/10\/LL1002_MochilaMaternittySpecial_7896699037280-01-559px.jpg","width":559,"height":602},{"@type":"BreadcrumbList","@id":"https:\/\/lolly.com.br\/kinddy\/produto\/bolsa-mochila-maternitty-tiffany\/#breadcrumb","itemListElement":[{"@type":"ListItem","position":1,"name":"In\u00edcio","item":"https:\/\/lolly.com.br\/kinddy\/"},{"@type":"ListItem","position":2,"name":"Produtos","item":"https:\/\/lolly.com.br\/kinddy\/produtos\/"},{"@type":"ListItem","position":3,"name":"Bolsa Mochila Maternitty &#8211; Tiffany"}]},{"@type":"WebSite","@id":"https:\/\/lolly.com.br\/kinddy\/#website","url":"https:\/\/lolly.com.br\/kinddy\/","name":"Lolly Kinddy","description":"","potentialAction":[{"@type":"SearchAction","target":{"@type":"EntryPoint","urlTemplate":"https:\/\/lolly.com.br\/kinddy\/?s={search_term_string}"},"query-input":{"@type":"PropertyValueSpecification","valueRequired":true,"valueName":"search_term_string"}}],"inLanguage":"pt-BR"}]}},"_links":{"self":[{"href":"https:\/\/lolly.com.br\/kinddy\/wp-json\/wp\/v2\/product\/11282","targetHints":{"allow":["GET"]}}],"collection":[{"href":"https:\/\/lolly.com.br\/kinddy\/wp-json\/wp\/v2\/product"}],"about":[{"href":"https:\/\/lolly.com.br\/kinddy\/wp-json\/wp\/v2\/types\/product"}],"replies":[{"embeddable":true,"href":"https:\/\/lolly.com.br\/kinddy\/wp-json\/wp\/v2\/comments?post=11282"}],"version-history":[{"count":1,"href":"https:\/\/lolly.com.br\/kinddy\/wp-json\/wp\/v2\/product\/11282\/revisions"}],"predecessor-version":[{"id":11287,"href":"https:\/\/lolly.com.br\/kinddy\/wp-json\/wp\/v2\/product\/11282\/revisions\/11287"}],"wp:featuredmedia":[{"embeddable":true,"href":"https:\/\/lolly.com.br\/kinddy\/wp-json\/wp\/v2\/media\/11283"}],"wp:attachment":[{"href":"https:\/\/lolly.com.br\/kinddy\/wp-json\/wp\/v2\/media?parent=11282"}],"wp:term":[{"taxonomy":"product_cat","embeddable":true,"href":"https:\/\/lolly.com.br\/kinddy\/wp-json\/wp\/v2\/product_cat?post=11282"},{"taxonomy":"product_tag","embeddable":true,"href":"https:\/\/lolly.com.br\/kinddy\/wp-json\/wp\/v2\/product_tag?post=11282"}],"curies":[{"name":"wp","href":"https:\/\/api.w.org\/{rel}","templated":true}]}}