{"id":11189,"date":"2025-04-22T14:12:41","date_gmt":"2025-04-22T17:12:41","guid":{"rendered":"https:\/\/lolly.com.br\/kinddy\/?post_type=product&#038;p=11189"},"modified":"2025-04-22T14:12:41","modified_gmt":"2025-04-22T17:12:41","slug":"copo-360o-patrulha-canina-250ml","status":"publish","type":"product","link":"https:\/\/lolly.com.br\/kinddy\/produto\/copo-360o-patrulha-canina-250ml\/","title":{"rendered":"Copo 360\u00ba Patrulha Canina 250ml"},"content":{"rendered":"<p class=\"\" data-start=\"97\" data-end=\"153\"><strong data-start=\"100\" data-end=\"150\">Copo 360\u00ba Patrulha Canina 250ml \u2013 Lolly Kinddy<\/strong> \ud83d\udc3e<\/p>\n<p class=\"\" data-start=\"155\" data-end=\"258\">Prepare-se para deixar a hora do copinho muito mais divertida com a turminha da <strong data-start=\"235\" data-end=\"254\">Patrulha Canina<\/strong>! \ud83d\udc99<\/p>\n<p class=\"\" data-start=\"260\" data-end=\"643\">Ideal para beb\u00eas a partir de <strong data-start=\"289\" data-end=\"300\">6 meses<\/strong>, o <strong data-start=\"304\" data-end=\"349\">Copo 360\u00ba Patrulha Canina da Lolly Kinddy<\/strong> tem um design inteligente que permite a ingest\u00e3o do l\u00edquido por toda a borda, como um copo de verdade \u2013 promovendo mais autonomia e uma transi\u00e7\u00e3o suave da mamadeira para o copo. Tudo isso com <strong data-start=\"542\" data-end=\"567\">sistema antivazamento<\/strong> e <strong data-start=\"570\" data-end=\"589\">tampa protetora<\/strong>, garantindo praticidade e seguran\u00e7a no dia a dia. \ud83c\udf7c\u2705<\/p>\n<p class=\"\" data-start=\"645\" data-end=\"843\">O frasco possui <strong data-start=\"661\" data-end=\"692\">al\u00e7as anat\u00f4micas remov\u00edveis<\/strong>, que facilitam o manuseio pelas m\u00e3ozinhas pequenas e ajudam a evitar quedas, enquanto o <strong data-start=\"781\" data-end=\"802\">design ergon\u00f4mico<\/strong> d\u00e1 ainda mais conforto na hora de beber.<\/p>\n<p class=\"\" data-start=\"845\" data-end=\"1143\">\u2728 E o charme extra? A estampa exclusiva da <strong data-start=\"888\" data-end=\"907\">Patrulha Canina<\/strong>, uma das anima\u00e7\u00f5es mais queridas entre os pequenos! Com seus personagens corajosos e carism\u00e1ticos, como Chase, Marshall e Skye, a s\u00e9rie estimula o trabalho em equipe, a amizade e a solu\u00e7\u00e3o de problemas \u2013 tudo de forma leve e divertida.<\/p>\n<p class=\"\" data-start=\"1145\" data-end=\"1215\">\ud83d\udc49 Capacidade: 250 ml<br data-start=\"1166\" data-end=\"1169\" \/>\ud83d\udc49 Livre de BPA<br data-start=\"1184\" data-end=\"1187\" \/>\ud83d\udc49 Recomendado para 6 meses+<\/p>\n<p class=\"\" data-start=\"1217\" data-end=\"1280\">Lolly Kinddy: cuidando com carinho de cada fase do seu beb\u00ea! \ud83d\udc99<\/p>\n","protected":false},"excerpt":{"rendered":"<p>Copo 360\u00ba Patrulha Canina 250ml \u2013 Lolly Kinddy \ud83d\udc3e Prepare-se para deixar a hora do copinho muito mais divertida com a turminha da Patrulha Canina! \ud83d\udc99 Ideal para beb\u00eas a partir de 6 meses, o Copo 360\u00ba Patrulha Canina da Lolly Kinddy tem um design inteligente que permite a ingest\u00e3o do l\u00edquido por toda a&hellip;<\/p>\n","protected":false},"featured_media":11191,"comment_status":"open","ping_status":"closed","template":"","meta":[],"product_cat":[232,599],"product_tag":[],"class_list":{"0":"post-11189","1":"product","2":"type-product","3":"status-publish","4":"has-post-thumbnail","6":"product_cat-alimentacao","7":"product_cat-patrulha-canina","8":"description-off","10":"first","11":"instock","12":"shipping-taxable","13":"product-type-simple"},"yoast_head":"<!-- This site is optimized with the Yoast SEO plugin v23.7 - https:\/\/yoast.com\/wordpress\/plugins\/seo\/ -->\n<title>Copo 360\u00ba Patrulha Canina 250ml - Lolly Kinddy<\/title>\n<meta name=\"robots\" content=\"index, follow, max-snippet:-1, max-image-preview:large, max-video-preview:-1\" \/>\n<link rel=\"canonical\" href=\"https:\/\/lolly.com.br\/kinddy\/produto\/copo-360o-patrulha-canina-250ml\/\" \/>\n<meta property=\"og:locale\" content=\"pt_BR\" \/>\n<meta property=\"og:type\" content=\"article\" \/>\n<meta property=\"og:title\" content=\"Copo 360\u00ba Patrulha Canina 250ml - Lolly Kinddy\" \/>\n<meta property=\"og:description\" content=\"Copo 360\u00ba Patrulha Canina 250ml \u2013 Lolly Kinddy \ud83d\udc3e Prepare-se para deixar a hora do copinho muito mais divertida com a turminha da Patrulha Canina! \ud83d\udc99 Ideal para beb\u00eas a partir de 6 meses, o Copo 360\u00ba Patrulha Canina da Lolly Kinddy tem um design inteligente que permite a ingest\u00e3o do l\u00edquido por toda a&hellip;\" \/>\n<meta property=\"og:url\" content=\"https:\/\/lolly.com.br\/kinddy\/produto\/copo-360o-patrulha-canina-250ml\/\" \/>\n<meta property=\"og:site_name\" content=\"Lolly Kinddy\" \/>\n<meta property=\"og:image\" content=\"https:\/\/lolly.com.br\/kinddy\/wp-content\/uploads\/2025\/04\/PC-7196-00-M_COPO360PATR-CANINA250ML-M_7896699037082-1.png\" \/>\n\t<meta property=\"og:image:width\" content=\"2000\" \/>\n\t<meta property=\"og:image:height\" content=\"2000\" \/>\n\t<meta property=\"og:image:type\" content=\"image\/png\" \/>\n<meta name=\"twitter:card\" content=\"summary_large_image\" \/>\n<meta name=\"twitter:label1\" content=\"Est. tempo de leitura\" \/>\n\t<meta name=\"twitter:data1\" content=\"2 minutos\" \/>\n<script type=\"application\/ld+json\" class=\"yoast-schema-graph\">{\"@context\":\"https:\/\/schema.org\",\"@graph\":[{\"@type\":\"WebPage\",\"@id\":\"https:\/\/lolly.com.br\/kinddy\/produto\/copo-360o-patrulha-canina-250ml\/\",\"url\":\"https:\/\/lolly.com.br\/kinddy\/produto\/copo-360o-patrulha-canina-250ml\/\",\"name\":\"Copo 360\u00ba Patrulha Canina 250ml - Lolly Kinddy\",\"isPartOf\":{\"@id\":\"https:\/\/lolly.com.br\/kinddy\/#website\"},\"primaryImageOfPage\":{\"@id\":\"https:\/\/lolly.com.br\/kinddy\/produto\/copo-360o-patrulha-canina-250ml\/#primaryimage\"},\"image\":{\"@id\":\"https:\/\/lolly.com.br\/kinddy\/produto\/copo-360o-patrulha-canina-250ml\/#primaryimage\"},\"thumbnailUrl\":\"https:\/\/lolly.com.br\/kinddy\/wp-content\/uploads\/2025\/04\/PC-7196-00-M_COPO360PATR-CANINA250ML-M_7896699037082-1.png\",\"datePublished\":\"2025-04-22T17:12:41+00:00\",\"dateModified\":\"2025-04-22T17:12:41+00:00\",\"breadcrumb\":{\"@id\":\"https:\/\/lolly.com.br\/kinddy\/produto\/copo-360o-patrulha-canina-250ml\/#breadcrumb\"},\"inLanguage\":\"pt-BR\",\"potentialAction\":[{\"@type\":\"ReadAction\",\"target\":[\"https:\/\/lolly.com.br\/kinddy\/produto\/copo-360o-patrulha-canina-250ml\/\"]}]},{\"@type\":\"ImageObject\",\"inLanguage\":\"pt-BR\",\"@id\":\"https:\/\/lolly.com.br\/kinddy\/produto\/copo-360o-patrulha-canina-250ml\/#primaryimage\",\"url\":\"https:\/\/lolly.com.br\/kinddy\/wp-content\/uploads\/2025\/04\/PC-7196-00-M_COPO360PATR-CANINA250ML-M_7896699037082-1.png\",\"contentUrl\":\"https:\/\/lolly.com.br\/kinddy\/wp-content\/uploads\/2025\/04\/PC-7196-00-M_COPO360PATR-CANINA250ML-M_7896699037082-1.png\",\"width\":2000,\"height\":2000},{\"@type\":\"BreadcrumbList\",\"@id\":\"https:\/\/lolly.com.br\/kinddy\/produto\/copo-360o-patrulha-canina-250ml\/#breadcrumb\",\"itemListElement\":[{\"@type\":\"ListItem\",\"position\":1,\"name\":\"In\u00edcio\",\"item\":\"https:\/\/lolly.com.br\/kinddy\/\"},{\"@type\":\"ListItem\",\"position\":2,\"name\":\"Produtos\",\"item\":\"https:\/\/lolly.com.br\/kinddy\/produtos\/\"},{\"@type\":\"ListItem\",\"position\":3,\"name\":\"Copo 360\u00ba Patrulha Canina 250ml\"}]},{\"@type\":\"WebSite\",\"@id\":\"https:\/\/lolly.com.br\/kinddy\/#website\",\"url\":\"https:\/\/lolly.com.br\/kinddy\/\",\"name\":\"Lolly Kinddy\",\"description\":\"\",\"potentialAction\":[{\"@type\":\"SearchAction\",\"target\":{\"@type\":\"EntryPoint\",\"urlTemplate\":\"https:\/\/lolly.com.br\/kinddy\/?s={search_term_string}\"},\"query-input\":{\"@type\":\"PropertyValueSpecification\",\"valueRequired\":true,\"valueName\":\"search_term_string\"}}],\"inLanguage\":\"pt-BR\"}]}<\/script>\n<!-- \/ Yoast SEO plugin. -->","yoast_head_json":{"title":"Copo 360\u00ba Patrulha Canina 250ml - Lolly Kinddy","robots":{"index":"index","follow":"follow","max-snippet":"max-snippet:-1","max-image-preview":"max-image-preview:large","max-video-preview":"max-video-preview:-1"},"canonical":"https:\/\/lolly.com.br\/kinddy\/produto\/copo-360o-patrulha-canina-250ml\/","og_locale":"pt_BR","og_type":"article","og_title":"Copo 360\u00ba Patrulha Canina 250ml - Lolly Kinddy","og_description":"Copo 360\u00ba Patrulha Canina 250ml \u2013 Lolly Kinddy \ud83d\udc3e Prepare-se para deixar a hora do copinho muito mais divertida com a turminha da Patrulha Canina! \ud83d\udc99 Ideal para beb\u00eas a partir de 6 meses, o Copo 360\u00ba Patrulha Canina da Lolly Kinddy tem um design inteligente que permite a ingest\u00e3o do l\u00edquido por toda a&hellip;","og_url":"https:\/\/lolly.com.br\/kinddy\/produto\/copo-360o-patrulha-canina-250ml\/","og_site_name":"Lolly Kinddy","og_image":[{"width":2000,"height":2000,"url":"https:\/\/lolly.com.br\/kinddy\/wp-content\/uploads\/2025\/04\/PC-7196-00-M_COPO360PATR-CANINA250ML-M_7896699037082-1.png","type":"image\/png"}],"twitter_card":"summary_large_image","twitter_misc":{"Est. tempo de leitura":"2 minutos"},"schema":{"@context":"https:\/\/schema.org","@graph":[{"@type":"WebPage","@id":"https:\/\/lolly.com.br\/kinddy\/produto\/copo-360o-patrulha-canina-250ml\/","url":"https:\/\/lolly.com.br\/kinddy\/produto\/copo-360o-patrulha-canina-250ml\/","name":"Copo 360\u00ba Patrulha Canina 250ml - Lolly Kinddy","isPartOf":{"@id":"https:\/\/lolly.com.br\/kinddy\/#website"},"primaryImageOfPage":{"@id":"https:\/\/lolly.com.br\/kinddy\/produto\/copo-360o-patrulha-canina-250ml\/#primaryimage"},"image":{"@id":"https:\/\/lolly.com.br\/kinddy\/produto\/copo-360o-patrulha-canina-250ml\/#primaryimage"},"thumbnailUrl":"https:\/\/lolly.com.br\/kinddy\/wp-content\/uploads\/2025\/04\/PC-7196-00-M_COPO360PATR-CANINA250ML-M_7896699037082-1.png","datePublished":"2025-04-22T17:12:41+00:00","dateModified":"2025-04-22T17:12:41+00:00","breadcrumb":{"@id":"https:\/\/lolly.com.br\/kinddy\/produto\/copo-360o-patrulha-canina-250ml\/#breadcrumb"},"inLanguage":"pt-BR","potentialAction":[{"@type":"ReadAction","target":["https:\/\/lolly.com.br\/kinddy\/produto\/copo-360o-patrulha-canina-250ml\/"]}]},{"@type":"ImageObject","inLanguage":"pt-BR","@id":"https:\/\/lolly.com.br\/kinddy\/produto\/copo-360o-patrulha-canina-250ml\/#primaryimage","url":"https:\/\/lolly.com.br\/kinddy\/wp-content\/uploads\/2025\/04\/PC-7196-00-M_COPO360PATR-CANINA250ML-M_7896699037082-1.png","contentUrl":"https:\/\/lolly.com.br\/kinddy\/wp-content\/uploads\/2025\/04\/PC-7196-00-M_COPO360PATR-CANINA250ML-M_7896699037082-1.png","width":2000,"height":2000},{"@type":"BreadcrumbList","@id":"https:\/\/lolly.com.br\/kinddy\/produto\/copo-360o-patrulha-canina-250ml\/#breadcrumb","itemListElement":[{"@type":"ListItem","position":1,"name":"In\u00edcio","item":"https:\/\/lolly.com.br\/kinddy\/"},{"@type":"ListItem","position":2,"name":"Produtos","item":"https:\/\/lolly.com.br\/kinddy\/produtos\/"},{"@type":"ListItem","position":3,"name":"Copo 360\u00ba Patrulha Canina 250ml"}]},{"@type":"WebSite","@id":"https:\/\/lolly.com.br\/kinddy\/#website","url":"https:\/\/lolly.com.br\/kinddy\/","name":"Lolly Kinddy","description":"","potentialAction":[{"@type":"SearchAction","target":{"@type":"EntryPoint","urlTemplate":"https:\/\/lolly.com.br\/kinddy\/?s={search_term_string}"},"query-input":{"@type":"PropertyValueSpecification","valueRequired":true,"valueName":"search_term_string"}}],"inLanguage":"pt-BR"}]}},"_links":{"self":[{"href":"https:\/\/lolly.com.br\/kinddy\/wp-json\/wp\/v2\/product\/11189","targetHints":{"allow":["GET"]}}],"collection":[{"href":"https:\/\/lolly.com.br\/kinddy\/wp-json\/wp\/v2\/product"}],"about":[{"href":"https:\/\/lolly.com.br\/kinddy\/wp-json\/wp\/v2\/types\/product"}],"replies":[{"embeddable":true,"href":"https:\/\/lolly.com.br\/kinddy\/wp-json\/wp\/v2\/comments?post=11189"}],"version-history":[{"count":1,"href":"https:\/\/lolly.com.br\/kinddy\/wp-json\/wp\/v2\/product\/11189\/revisions"}],"predecessor-version":[{"id":11192,"href":"https:\/\/lolly.com.br\/kinddy\/wp-json\/wp\/v2\/product\/11189\/revisions\/11192"}],"wp:featuredmedia":[{"embeddable":true,"href":"https:\/\/lolly.com.br\/kinddy\/wp-json\/wp\/v2\/media\/11191"}],"wp:attachment":[{"href":"https:\/\/lolly.com.br\/kinddy\/wp-json\/wp\/v2\/media?parent=11189"}],"wp:term":[{"taxonomy":"product_cat","embeddable":true,"href":"https:\/\/lolly.com.br\/kinddy\/wp-json\/wp\/v2\/product_cat?post=11189"},{"taxonomy":"product_tag","embeddable":true,"href":"https:\/\/lolly.com.br\/kinddy\/wp-json\/wp\/v2\/product_tag?post=11189"}],"curies":[{"name":"wp","href":"https:\/\/api.w.org\/{rel}","templated":true}]}}