{"id":8990,"date":"2022-07-06T21:31:19","date_gmt":"2022-07-07T00:31:19","guid":{"rendered":"https:\/\/lolly.com.br\/kinddy\/?page_id=8990"},"modified":"2022-07-06T21:38:50","modified_gmt":"2022-07-07T00:38:50","slug":"mamadeiras","status":"publish","type":"page","link":"https:\/\/lolly.com.br\/kinddy\/mamadeiras\/","title":{"rendered":"Mamadeiras"},"content":{"rendered":"\t\t<div data-elementor-type=\"wp-page\" data-elementor-id=\"8990\" class=\"elementor elementor-8990\" data-elementor-settings=\"[]\">\n\t\t\t\t\t\t\t<div class=\"elementor-section-wrap\">\n\t\t\t\t\t\t\t<section class=\"elementor-section elementor-top-section elementor-element elementor-element-fcd82bf elementor-reverse-mobile elementor-reverse-tablet elementor-section-boxed elementor-section-height-default elementor-section-height-default\" data-id=\"fcd82bf\" data-element_type=\"section\">\n\t\t\t\t\t\t<div class=\"elementor-container elementor-column-gap-wider\">\n\t\t\t\t\t<div class=\"elementor-column elementor-col-33 elementor-top-column elementor-element elementor-element-5dee797 elementor-hidden-tablet elementor-hidden-mobile\" data-id=\"5dee797\" data-element_type=\"column\">\n\t\t\t<div class=\"elementor-widget-wrap elementor-element-populated\">\n\t\t\t\t\t\t\t\t<section class=\"elementor-section elementor-inner-section elementor-element elementor-element-64e2278 elementor-section-boxed elementor-section-height-default elementor-section-height-default\" data-id=\"64e2278\" data-element_type=\"section\">\n\t\t\t\t\t\t<div class=\"elementor-container elementor-column-gap-no\">\n\t\t\t\t\t<div class=\"elementor-column elementor-col-100 elementor-inner-column elementor-element elementor-element-f755899\" data-id=\"f755899\" data-element_type=\"column\">\n\t\t\t<div class=\"elementor-widget-wrap elementor-element-populated\">\n\t\t\t\t\t\t\t\t<div class=\"elementor-element elementor-element-ee7b44f elementor-widget__width-auto elementor-widget elementor-widget-heading\" data-id=\"ee7b44f\" data-element_type=\"widget\" data-widget_type=\"heading.default\">\n\t\t\t\t<div class=\"elementor-widget-container\">\n\t\t\t<h2 class=\"elementor-heading-title elementor-size-default\">Categorias<\/h2>\t\t<\/div>\n\t\t\t\t<\/div>\n\t\t\t\t<div class=\"elementor-element elementor-element-b59fb35 elementor-nav-menu__align-left elementor-nav-menu--dropdown-tablet elementor-nav-menu__text-align-aside elementor-nav-menu--toggle elementor-nav-menu--burger elementor-widget elementor-widget-nav-menu\" data-id=\"b59fb35\" data-element_type=\"widget\" data-settings=\"{&quot;layout&quot;:&quot;vertical&quot;,&quot;submenu_icon&quot;:{&quot;value&quot;:&quot;&lt;i class=\\&quot;fas fa-caret-down\\&quot;&gt;&lt;\\\/i&gt;&quot;,&quot;library&quot;:&quot;fa-solid&quot;},&quot;toggle&quot;:&quot;burger&quot;}\" data-widget_type=\"nav-menu.default\">\n\t\t\t\t<div class=\"elementor-widget-container\">\n\t\t\t\t\t\t<nav migration_allowed=\"1\" migrated=\"0\" role=\"navigation\" class=\"elementor-nav-menu--main elementor-nav-menu__container elementor-nav-menu--layout-vertical e--pointer-none\"><ul id=\"menu-1-b59fb35\" class=\"elementor-nav-menu sm-vertical\"><li class=\"menu-item menu-item-type-post_type menu-item-object-page menu-item-8439\"><a href=\"https:\/\/lolly.com.br\/kinddy\/produtos\/\" class=\"elementor-item\">Todos os Produtos<\/a><\/li>\n<li class=\"menu-item menu-item-type-taxonomy menu-item-object-product_cat menu-item-8419\"><a href=\"https:\/\/lolly.com.br\/kinddy\/cat\/acessorios\/\" class=\"elementor-item\">Acess\u00f3rios<\/a><\/li>\n<li class=\"menu-item menu-item-type-taxonomy menu-item-object-product_cat menu-item-8420\"><a href=\"https:\/\/lolly.com.br\/kinddy\/cat\/alimentacao\/\" class=\"elementor-item\">Alimenta\u00e7\u00e3o<\/a><\/li>\n<li class=\"menu-item menu-item-type-taxonomy menu-item-object-product_cat menu-item-8421\"><a href=\"https:\/\/lolly.com.br\/kinddy\/cat\/amamentacao\/\" class=\"elementor-item\">Amamenta\u00e7\u00e3o<\/a><\/li>\n<li class=\"menu-item menu-item-type-taxonomy menu-item-object-product_cat menu-item-8422\"><a href=\"https:\/\/lolly.com.br\/kinddy\/cat\/brinquedos\/\" class=\"elementor-item\">Brinquedos<\/a><\/li>\n<li class=\"menu-item menu-item-type-taxonomy menu-item-object-product_cat menu-item-8423\"><a href=\"https:\/\/lolly.com.br\/kinddy\/cat\/casa-e-seguranca\/\" class=\"elementor-item\">Casa e Seguran\u00e7a<\/a><\/li>\n<li class=\"menu-item menu-item-type-taxonomy menu-item-object-product_cat menu-item-8425\"><a href=\"https:\/\/lolly.com.br\/kinddy\/cat\/higiene-e-saude\/\" class=\"elementor-item\">Higiene e Sa\u00fade<\/a><\/li>\n<li class=\"menu-item menu-item-type-post_type menu-item-object-page menu-item-9003\"><a href=\"https:\/\/lolly.com.br\/kinddy\/mamadeiras\/\" class=\"elementor-item\">Mamadeiras<\/a><\/li>\n<li class=\"menu-item menu-item-type-custom menu-item-object-custom menu-item-10653\"><a href=\"https:\/\/lolly.com.br\/kinddy\/cat\/mundobita\/\" class=\"elementor-item\">Mundo Bita<\/a><\/li>\n<li class=\"menu-item menu-item-type-taxonomy menu-item-object-product_cat menu-item-11212\"><a href=\"https:\/\/lolly.com.br\/kinddy\/cat\/patrulha-canina\/\" class=\"elementor-item\">Patrulha Canina<\/a><\/li>\n<\/ul><\/nav>\n\t\t\t\t\t<div class=\"elementor-menu-toggle\" role=\"button\" tabindex=\"0\" aria-label=\"Menu Toggle\" aria-expanded=\"false\">\n\t\t\t<i aria-hidden=\"true\" role=\"presentation\" class=\"eicon-menu-bar\"><\/i>\t\t\t<span class=\"elementor-screen-only\">Menu<\/span>\n\t\t<\/div>\n\t\t\t<nav class=\"elementor-nav-menu--dropdown elementor-nav-menu__container\" role=\"navigation\" aria-hidden=\"true\"><ul id=\"menu-2-b59fb35\" class=\"elementor-nav-menu sm-vertical\"><li class=\"menu-item menu-item-type-post_type menu-item-object-page menu-item-8439\"><a href=\"https:\/\/lolly.com.br\/kinddy\/produtos\/\" class=\"elementor-item\" tabindex=\"-1\">Todos os Produtos<\/a><\/li>\n<li class=\"menu-item menu-item-type-taxonomy menu-item-object-product_cat menu-item-8419\"><a href=\"https:\/\/lolly.com.br\/kinddy\/cat\/acessorios\/\" class=\"elementor-item\" tabindex=\"-1\">Acess\u00f3rios<\/a><\/li>\n<li class=\"menu-item menu-item-type-taxonomy menu-item-object-product_cat menu-item-8420\"><a href=\"https:\/\/lolly.com.br\/kinddy\/cat\/alimentacao\/\" class=\"elementor-item\" tabindex=\"-1\">Alimenta\u00e7\u00e3o<\/a><\/li>\n<li class=\"menu-item menu-item-type-taxonomy menu-item-object-product_cat menu-item-8421\"><a href=\"https:\/\/lolly.com.br\/kinddy\/cat\/amamentacao\/\" class=\"elementor-item\" tabindex=\"-1\">Amamenta\u00e7\u00e3o<\/a><\/li>\n<li class=\"menu-item menu-item-type-taxonomy menu-item-object-product_cat menu-item-8422\"><a href=\"https:\/\/lolly.com.br\/kinddy\/cat\/brinquedos\/\" class=\"elementor-item\" tabindex=\"-1\">Brinquedos<\/a><\/li>\n<li class=\"menu-item menu-item-type-taxonomy menu-item-object-product_cat menu-item-8423\"><a href=\"https:\/\/lolly.com.br\/kinddy\/cat\/casa-e-seguranca\/\" class=\"elementor-item\" tabindex=\"-1\">Casa e Seguran\u00e7a<\/a><\/li>\n<li class=\"menu-item menu-item-type-taxonomy menu-item-object-product_cat menu-item-8425\"><a href=\"https:\/\/lolly.com.br\/kinddy\/cat\/higiene-e-saude\/\" class=\"elementor-item\" tabindex=\"-1\">Higiene e Sa\u00fade<\/a><\/li>\n<li class=\"menu-item menu-item-type-post_type menu-item-object-page menu-item-9003\"><a href=\"https:\/\/lolly.com.br\/kinddy\/mamadeiras\/\" class=\"elementor-item\" tabindex=\"-1\">Mamadeiras<\/a><\/li>\n<li class=\"menu-item menu-item-type-custom menu-item-object-custom menu-item-10653\"><a href=\"https:\/\/lolly.com.br\/kinddy\/cat\/mundobita\/\" class=\"elementor-item\" tabindex=\"-1\">Mundo Bita<\/a><\/li>\n<li class=\"menu-item menu-item-type-taxonomy menu-item-object-product_cat menu-item-11212\"><a href=\"https:\/\/lolly.com.br\/kinddy\/cat\/patrulha-canina\/\" class=\"elementor-item\" tabindex=\"-1\">Patrulha Canina<\/a><\/li>\n<\/ul><\/nav>\n\t\t\t\t<\/div>\n\t\t\t\t<\/div>\n\t\t\t\t\t<\/div>\n\t\t<\/div>\n\t\t\t\t\t\t\t<\/div>\n\t\t<\/section>\n\t\t\t\t\t<\/div>\n\t\t<\/div>\n\t\t\t\t<div class=\"elementor-column elementor-col-66 elementor-top-column elementor-element elementor-element-22ad62f\" data-id=\"22ad62f\" data-element_type=\"column\">\n\t\t\t<div class=\"elementor-widget-wrap elementor-element-populated\">\n\t\t\t\t\t\t\t\t<section class=\"elementor-section elementor-inner-section elementor-element elementor-element-e90072f elementor-section-boxed elementor-section-height-default elementor-section-height-default\" data-id=\"e90072f\" data-element_type=\"section\">\n\t\t\t\t\t\t<div class=\"elementor-container elementor-column-gap-no\">\n\t\t\t\t\t<div class=\"elementor-column elementor-col-50 elementor-inner-column elementor-element elementor-element-706c937\" data-id=\"706c937\" data-element_type=\"column\">\n\t\t\t<div class=\"elementor-widget-wrap elementor-element-populated\">\n\t\t\t\t\t\t\t\t<div class=\"elementor-element elementor-element-224ab97 elementor-align-right elementor-widget__width-auto elementor-hidden-desktop elementor-widget elementor-widget-the7_button_widget\" data-id=\"224ab97\" data-element_type=\"widget\" data-widget_type=\"the7_button_widget.default\">\n\t\t\t\t<div class=\"elementor-widget-container\">\n\t\t\t<div class=\"elementor-button-wrapper\"><a href=\"#elementor-action%3Aaction%3Dpopup%3Aopen%26settings%3DeyJpZCI6IjU4ODMiLCJ0b2dnbGUiOmZhbHNlfQ%3D%3D\" class=\"box-button elementor-button elementor-size-xs\">Filtro<svg xmlns=\"http:\/\/www.w3.org\/2000\/svg\" xmlns:xlink=\"http:\/\/www.w3.org\/1999\/xlink\" id=\"Layer_1\" x=\"0px\" y=\"0px\" viewBox=\"0 0 24 24\" style=\"enable-background:new 0 0 24 24;\" xml:space=\"preserve\">\n<path d=\"M10,21.8c-0.1,0-0.2,0-0.3-0.1c-0.3-0.1-0.5-0.4-0.5-0.7v-6.6c0-0.1,0-0.1-0.1-0.2L2.8,7.8C2.4,7.5,2.2,7.1,2.2,6.6V4  C2.2,3,3,2.2,4,2.2h16c1,0,1.8,0.8,1.8,1.8v2.6c0,0.5-0.2,0.9-0.5,1.2l-6.4,6.4c0,0-0.1,0.1-0.1,0.2V17c0,0.2-0.1,0.4-0.2,0.5l-4,4  C10.4,21.7,10.2,21.8,10,21.8z M4,3.8C3.9,3.8,3.8,3.9,3.8,4v2.6c0,0.1,0,0.1,0.1,0.2l6.4,6.4c0.3,0.3,0.5,0.8,0.5,1.2v4.8l2.5-2.5  v-2.3c0-0.5,0.2-0.9,0.5-1.2l6.4-6.4c0,0,0.1-0.1,0.1-0.2V4c0-0.1-0.1-0.2-0.2-0.2H4z\"><\/path>\n<\/svg><\/a><\/div>\t\t<\/div>\n\t\t\t\t<\/div>\n\t\t\t\t\t<\/div>\n\t\t<\/div>\n\t\t\t\t<div class=\"elementor-column elementor-col-50 elementor-inner-column elementor-element elementor-element-3c0190f\" data-id=\"3c0190f\" data-element_type=\"column\">\n\t\t\t<div class=\"elementor-widget-wrap elementor-element-populated\">\n\t\t\t\t\t\t\t\t<div class=\"elementor-element elementor-element-281e5ae align-icon-right elementor-widget__width-initial elementor-widget-mobile__width-initial elementor-widget elementor-widget-the7-product-sorting\" data-id=\"281e5ae\" data-element_type=\"widget\" data-widget_type=\"the7-product-sorting.default\">\n\t\t\t\t<div class=\"elementor-widget-container\">\n\t\t\t<div class=\"the7-wc-catalog-ordering\"><form class=\"woocommerce-ordering\" method=\"get\">\n\t<select name=\"orderby\" class=\"orderby\" aria-label=\"Shop order\">\n\t\t\t\t\t<option value=\"menu_order\"  selected='selected'>Organizar por<\/option>\n\t\t\t\t\t<option value=\"popularity\" >Sort by popularity<\/option>\n\t\t\t\t\t<option value=\"date\" >Sort by latest<\/option>\n\t\t\t\t\t<option value=\"alphabetical\" >Sort by name: A to Z<\/option>\n\t\t\t\t\t<option value=\"reverse_alpha\" >Sort by name: Z to A<\/option>\n\t\t\t<\/select>\n\t<input type=\"hidden\" name=\"paged\" value=\"1\" \/>\n\t<\/form>\n<i class=\"orderby-icon fas fa-chevron-down\" aria-hidden=\"true\"><\/i><\/div>\t\t<\/div>\n\t\t\t\t<\/div>\n\t\t\t\t\t<\/div>\n\t\t<\/div>\n\t\t\t\t\t\t\t<\/div>\n\t\t<\/section>\n\t\t\t\t<section class=\"elementor-section elementor-inner-section elementor-element elementor-element-1a58658 elementor-section-boxed elementor-section-height-default elementor-section-height-default\" data-id=\"1a58658\" data-element_type=\"section\">\n\t\t\t\t\t\t<div class=\"elementor-container elementor-column-gap-default\">\n\t\t\t\t\t<div class=\"elementor-column elementor-col-50 elementor-inner-column elementor-element elementor-element-0bf231a\" data-id=\"0bf231a\" data-element_type=\"column\">\n\t\t\t<div class=\"elementor-widget-wrap elementor-element-populated\">\n\t\t\t\t\t\t\t\t<div class=\"elementor-element elementor-element-3268198 elementor-widget elementor-widget-text-editor\" data-id=\"3268198\" data-element_type=\"widget\" data-widget_type=\"text-editor.default\">\n\t\t\t\t<div class=\"elementor-widget-container\">\n\t\t\t\t\t\t\t<p>A Lolly \u00e9 fabricante de bicos, mamadeiras e chupetas, por\u00e9m a exibi\u00e7\u00e3o desses produtos em nosso site \u00e9 vedada conforme Lei 11.265\/06.<\/p><p>Qualquer informa\u00e7\u00e3o ou d\u00favida sobre esses produtos Lolly, por favor, entrar em contato atrav\u00e9s do nosso Servi\u00e7o de Atendimento ao Consumidor.<\/p>\t\t\t\t\t\t<\/div>\n\t\t\t\t<\/div>\n\t\t\t\t\t<\/div>\n\t\t<\/div>\n\t\t\t\t<div class=\"elementor-column elementor-col-50 elementor-inner-column elementor-element elementor-element-b0b6b54\" data-id=\"b0b6b54\" data-element_type=\"column\">\n\t\t\t<div class=\"elementor-widget-wrap elementor-element-populated\">\n\t\t\t\t\t\t\t\t<div class=\"elementor-element elementor-element-e0a4638 elementor-widget elementor-widget-text-editor\" data-id=\"e0a4638\" data-element_type=\"widget\" data-widget_type=\"text-editor.default\">\n\t\t\t\t<div class=\"elementor-widget-container\">\n\t\t\t\t\t\t\t<p><strong>O MINIST\u00c9RIO DA SA\u00daDE ADVERTE:<\/strong> A CRIAN\u00c7A QUE MAMA NO PEITO N\u00c3O NECESSITA DE MAMADEIRA, BICO OU CHUPETA. O USO DE MAMADEIRA, BICO OU CHUPETA PREJUDICA O ALEITAMENTO MATERNO.<\/p>\t\t\t\t\t\t<\/div>\n\t\t\t\t<\/div>\n\t\t\t\t\t<\/div>\n\t\t<\/div>\n\t\t\t\t\t\t\t<\/div>\n\t\t<\/section>\n\t\t\t\t\t<\/div>\n\t\t<\/div>\n\t\t\t\t\t\t\t<\/div>\n\t\t<\/section>\n\t\t\t\t\t\t<\/div>\n\t\t\t\t\t<\/div>\n\t\t","protected":false},"excerpt":{"rendered":"<p>Categorias Filtro Organizar porOrdenar por popularidadeOrdenar por mais recentePor nome: A &#8211; ZPor nome: Z &#8211; A A Lolly \u00e9 fabricante de bicos, mamadeiras e chupetas, por\u00e9m a exibi\u00e7\u00e3o desses produtos em nosso site \u00e9 vedada conforme Lei 11.265\/06. Qualquer informa\u00e7\u00e3o ou d\u00favida sobre esses produtos Lolly, por favor, entrar em contato atrav\u00e9s do nosso&hellip;<\/p>\n","protected":false},"author":1,"featured_media":0,"parent":0,"menu_order":990,"comment_status":"closed","ping_status":"closed","template":"","meta":{"footnotes":""},"class_list":["post-8990","page","type-page","status-publish","hentry"],"yoast_head":"<!-- This site is optimized with the Yoast SEO plugin v23.7 - https:\/\/yoast.com\/wordpress\/plugins\/seo\/ -->\n<title>Mamadeiras - Lolly Kinddy<\/title>\n<meta name=\"robots\" content=\"index, follow, max-snippet:-1, max-image-preview:large, max-video-preview:-1\" \/>\n<link rel=\"canonical\" href=\"https:\/\/lolly.com.br\/kinddy\/mamadeiras\/\" \/>\n<meta property=\"og:locale\" content=\"pt_BR\" \/>\n<meta property=\"og:type\" content=\"article\" \/>\n<meta property=\"og:title\" content=\"Mamadeiras - Lolly Kinddy\" \/>\n<meta property=\"og:description\" content=\"Categorias Filtro Organizar porOrdenar por popularidadeOrdenar por mais recentePor nome: A &#8211; ZPor nome: Z &#8211; A A Lolly \u00e9 fabricante de bicos, mamadeiras e chupetas, por\u00e9m a exibi\u00e7\u00e3o desses produtos em nosso site \u00e9 vedada conforme Lei 11.265\/06. Qualquer informa\u00e7\u00e3o ou d\u00favida sobre esses produtos Lolly, por favor, entrar em contato atrav\u00e9s do nosso&hellip;\" \/>\n<meta property=\"og:url\" content=\"https:\/\/lolly.com.br\/kinddy\/mamadeiras\/\" \/>\n<meta property=\"og:site_name\" content=\"Lolly Kinddy\" \/>\n<meta property=\"article:modified_time\" content=\"2022-07-07T00:38:50+00:00\" \/>\n<meta property=\"og:image\" content=\"https:\/\/lolly.com.br\/kinddy\/wp-content\/uploads\/2022\/06\/12068-2.jpg\" \/>\n<meta name=\"twitter:card\" content=\"summary_large_image\" \/>\n<meta name=\"twitter:label1\" content=\"Est. tempo de leitura\" \/>\n\t<meta name=\"twitter:data1\" content=\"1 minuto\" \/>\n<script type=\"application\/ld+json\" class=\"yoast-schema-graph\">{\"@context\":\"https:\/\/schema.org\",\"@graph\":[{\"@type\":\"WebPage\",\"@id\":\"https:\/\/lolly.com.br\/kinddy\/mamadeiras\/\",\"url\":\"https:\/\/lolly.com.br\/kinddy\/mamadeiras\/\",\"name\":\"Mamadeiras - Lolly Kinddy\",\"isPartOf\":{\"@id\":\"https:\/\/lolly.com.br\/kinddy\/#website\"},\"primaryImageOfPage\":{\"@id\":\"https:\/\/lolly.com.br\/kinddy\/mamadeiras\/#primaryimage\"},\"image\":{\"@id\":\"https:\/\/lolly.com.br\/kinddy\/mamadeiras\/#primaryimage\"},\"thumbnailUrl\":\"https:\/\/lolly.com.br\/kinddy\/wp-content\/uploads\/2022\/06\/12068-2.jpg\",\"datePublished\":\"2022-07-07T00:31:19+00:00\",\"dateModified\":\"2022-07-07T00:38:50+00:00\",\"breadcrumb\":{\"@id\":\"https:\/\/lolly.com.br\/kinddy\/mamadeiras\/#breadcrumb\"},\"inLanguage\":\"pt-BR\",\"potentialAction\":[{\"@type\":\"ReadAction\",\"target\":[\"https:\/\/lolly.com.br\/kinddy\/mamadeiras\/\"]}]},{\"@type\":\"ImageObject\",\"inLanguage\":\"pt-BR\",\"@id\":\"https:\/\/lolly.com.br\/kinddy\/mamadeiras\/#primaryimage\",\"url\":\"https:\/\/lolly.com.br\/kinddy\/wp-content\/uploads\/2022\/06\/12068-2.jpg\",\"contentUrl\":\"https:\/\/lolly.com.br\/kinddy\/wp-content\/uploads\/2022\/06\/12068-2.jpg\",\"width\":875,\"height\":875},{\"@type\":\"BreadcrumbList\",\"@id\":\"https:\/\/lolly.com.br\/kinddy\/mamadeiras\/#breadcrumb\",\"itemListElement\":[{\"@type\":\"ListItem\",\"position\":1,\"name\":\"In\u00edcio\",\"item\":\"https:\/\/lolly.com.br\/kinddy\/\"},{\"@type\":\"ListItem\",\"position\":2,\"name\":\"Mamadeiras\"}]},{\"@type\":\"WebSite\",\"@id\":\"https:\/\/lolly.com.br\/kinddy\/#website\",\"url\":\"https:\/\/lolly.com.br\/kinddy\/\",\"name\":\"Lolly Kinddy\",\"description\":\"\",\"potentialAction\":[{\"@type\":\"SearchAction\",\"target\":{\"@type\":\"EntryPoint\",\"urlTemplate\":\"https:\/\/lolly.com.br\/kinddy\/?s={search_term_string}\"},\"query-input\":{\"@type\":\"PropertyValueSpecification\",\"valueRequired\":true,\"valueName\":\"search_term_string\"}}],\"inLanguage\":\"pt-BR\"}]}<\/script>\n<!-- \/ Yoast SEO plugin. -->","yoast_head_json":{"title":"Mamadeiras - Lolly Kinddy","robots":{"index":"index","follow":"follow","max-snippet":"max-snippet:-1","max-image-preview":"max-image-preview:large","max-video-preview":"max-video-preview:-1"},"canonical":"https:\/\/lolly.com.br\/kinddy\/mamadeiras\/","og_locale":"pt_BR","og_type":"article","og_title":"Mamadeiras - Lolly Kinddy","og_description":"Categorias Filtro Organizar porOrdenar por popularidadeOrdenar por mais recentePor nome: A &#8211; ZPor nome: Z &#8211; A A Lolly \u00e9 fabricante de bicos, mamadeiras e chupetas, por\u00e9m a exibi\u00e7\u00e3o desses produtos em nosso site \u00e9 vedada conforme Lei 11.265\/06. Qualquer informa\u00e7\u00e3o ou d\u00favida sobre esses produtos Lolly, por favor, entrar em contato atrav\u00e9s do nosso&hellip;","og_url":"https:\/\/lolly.com.br\/kinddy\/mamadeiras\/","og_site_name":"Lolly Kinddy","article_modified_time":"2022-07-07T00:38:50+00:00","og_image":[{"url":"https:\/\/lolly.com.br\/kinddy\/wp-content\/uploads\/2022\/06\/12068-2.jpg"}],"twitter_card":"summary_large_image","twitter_misc":{"Est. tempo de leitura":"1 minuto"},"schema":{"@context":"https:\/\/schema.org","@graph":[{"@type":"WebPage","@id":"https:\/\/lolly.com.br\/kinddy\/mamadeiras\/","url":"https:\/\/lolly.com.br\/kinddy\/mamadeiras\/","name":"Mamadeiras - Lolly Kinddy","isPartOf":{"@id":"https:\/\/lolly.com.br\/kinddy\/#website"},"primaryImageOfPage":{"@id":"https:\/\/lolly.com.br\/kinddy\/mamadeiras\/#primaryimage"},"image":{"@id":"https:\/\/lolly.com.br\/kinddy\/mamadeiras\/#primaryimage"},"thumbnailUrl":"https:\/\/lolly.com.br\/kinddy\/wp-content\/uploads\/2022\/06\/12068-2.jpg","datePublished":"2022-07-07T00:31:19+00:00","dateModified":"2022-07-07T00:38:50+00:00","breadcrumb":{"@id":"https:\/\/lolly.com.br\/kinddy\/mamadeiras\/#breadcrumb"},"inLanguage":"pt-BR","potentialAction":[{"@type":"ReadAction","target":["https:\/\/lolly.com.br\/kinddy\/mamadeiras\/"]}]},{"@type":"ImageObject","inLanguage":"pt-BR","@id":"https:\/\/lolly.com.br\/kinddy\/mamadeiras\/#primaryimage","url":"https:\/\/lolly.com.br\/kinddy\/wp-content\/uploads\/2022\/06\/12068-2.jpg","contentUrl":"https:\/\/lolly.com.br\/kinddy\/wp-content\/uploads\/2022\/06\/12068-2.jpg","width":875,"height":875},{"@type":"BreadcrumbList","@id":"https:\/\/lolly.com.br\/kinddy\/mamadeiras\/#breadcrumb","itemListElement":[{"@type":"ListItem","position":1,"name":"In\u00edcio","item":"https:\/\/lolly.com.br\/kinddy\/"},{"@type":"ListItem","position":2,"name":"Mamadeiras"}]},{"@type":"WebSite","@id":"https:\/\/lolly.com.br\/kinddy\/#website","url":"https:\/\/lolly.com.br\/kinddy\/","name":"Lolly Kinddy","description":"","potentialAction":[{"@type":"SearchAction","target":{"@type":"EntryPoint","urlTemplate":"https:\/\/lolly.com.br\/kinddy\/?s={search_term_string}"},"query-input":{"@type":"PropertyValueSpecification","valueRequired":true,"valueName":"search_term_string"}}],"inLanguage":"pt-BR"}]}},"_links":{"self":[{"href":"https:\/\/lolly.com.br\/kinddy\/wp-json\/wp\/v2\/pages\/8990","targetHints":{"allow":["GET"]}}],"collection":[{"href":"https:\/\/lolly.com.br\/kinddy\/wp-json\/wp\/v2\/pages"}],"about":[{"href":"https:\/\/lolly.com.br\/kinddy\/wp-json\/wp\/v2\/types\/page"}],"author":[{"embeddable":true,"href":"https:\/\/lolly.com.br\/kinddy\/wp-json\/wp\/v2\/users\/1"}],"replies":[{"embeddable":true,"href":"https:\/\/lolly.com.br\/kinddy\/wp-json\/wp\/v2\/comments?post=8990"}],"version-history":[{"count":10,"href":"https:\/\/lolly.com.br\/kinddy\/wp-json\/wp\/v2\/pages\/8990\/revisions"}],"predecessor-version":[{"id":9002,"href":"https:\/\/lolly.com.br\/kinddy\/wp-json\/wp\/v2\/pages\/8990\/revisions\/9002"}],"wp:attachment":[{"href":"https:\/\/lolly.com.br\/kinddy\/wp-json\/wp\/v2\/media?parent=8990"}],"curies":[{"name":"wp","href":"https:\/\/api.w.org\/{rel}","templated":true}]}}